{"id":2638,"date":"2022-06-16T14:44:24","date_gmt":"2022-06-16T12:44:24","guid":{"rendered":"https:\/\/www3.tuhh.de\/itl\/?page_id=2638"},"modified":"2024-01-10T10:11:43","modified_gmt":"2024-01-10T08:11:43","slug":"entwicklung-und-simulation-eines-ansatzes-fuer-einen-optimierten-materialfluss-in-einer-kunststoffproduzierenden-anlage","status":"publish","type":"page","link":"https:\/\/www3.tuhh.de\/itl\/projekte\/entwicklung-und-simulation-eines-ansatzes-fuer-einen-optimierten-materialfluss-in-einer-kunststoffproduzierenden-anlage\/","title":{"rendered":"Entwicklung und Simulation eines Ansatzes f\u00fcr einen optimierten Materialfluss in einer kunststoffproduzierenden Anlage"},"content":{"rendered":"<p><div class=\"fusion-fullwidth fullwidth-box fusion-builder-row-1 fusion-flex-container nonhundred-percent-fullwidth non-hundred-percent-height-scrolling\" style=\"--awb-border-radius-top-left:0px;--awb-border-radius-top-right:0px;--awb-border-radius-bottom-right:0px;--awb-border-radius-bottom-left:0px;--awb-flex-wrap:wrap;\" ><div class=\"fusion-builder-row fusion-row fusion-flex-align-items-flex-start fusion-flex-content-wrap\" style=\"max-width:1216.8px;margin-left: calc(-4% \/ 2 );margin-right: calc(-4% \/ 2 );\"><div class=\"fusion-layout-column fusion_builder_column fusion-builder-column-0 fusion_builder_column_1_2 1_2 fusion-flex-column\" style=\"--awb-bg-size:cover;--awb-width-large:50%;--awb-margin-top-large:0px;--awb-spacing-right-large:3.84%;--awb-margin-bottom-large:0px;--awb-spacing-left-large:3.84%;--awb-width-medium:100%;--awb-order-medium:0;--awb-spacing-right-medium:1.92%;--awb-spacing-left-medium:1.92%;--awb-width-small:100%;--awb-order-small:0;--awb-spacing-right-small:1.92%;--awb-spacing-left-small:1.92%;\"><div class=\"fusion-column-wrapper fusion-column-has-shadow fusion-flex-justify-content-flex-start fusion-content-layout-column\"><div class=\"fusion-person person fusion-person-center fusion-person-1 fusion-person-icon-bottom\" style=\"--awb-pic-style-color:var(--awb-color6);--awb-pic-borderradius:0px;--awb-margin-top:2px;--awb-margin-right:2px;--awb-margin-bottom:2px;--awb-margin-left:2px;--awb-social-box-border-top:0px;--awb-social-box-border-right:0px;--awb-social-box-border-bottom:0px;--awb-social-box-border-left:0px;--awb-social-box-border-color:var(--awb-color3);--awb-social-box-border-color-hover:var(--awb-color4);--awb-social-box-colors-hover:var(--awb-color1);--awb-social-icon-boxed-colors:var(--awb-color2);--awb-social-icon-colors:var(--awb-color6);--awb-social-icon-colors-hover:var(--awb-color4);\"><div class=\"person-desc\" style=\"background-color:var(--awb-color1);padding:40px;margin-top:0;\"><div class=\"person-author\"><div class=\"person-author-wrapper\"><span class=\"person-name\">Institut f\u00fcr Technische Logistik<\/span><span class=\"person-title\"><\/span><\/div><\/div><div class=\"person-content fusion-clearfix\"><\/div><div class=\"fusion-social-networks\"><div class=\"fusion-social-networks-wrapper\"><a class=\"fusion-social-network-icon fusion-tooltip fusion-mail awb-icon-mail custom\" aria-label=\"fusion-mail\" href=\"mailto:it&#108;&#064;&#116;u&#104;&#104;.&#100;e\" target=\"_self\" style=\"color:var(--awb-color6);font-size:16px;\" data-placement=\"top\" data-title=\"Mail\" title=\"Mail\" data-toggle=\"tooltip\"><\/a><a class=\"fusion-social-network-icon fusion-tooltip fusion-phone awb-icon-phone custom\" aria-label=\"fusion-phone\" href=\"tel:+4940428783891\" target=\"_self\" style=\"color:var(--awb-color6);font-size:16px;\" data-placement=\"top\" data-title=\"Phone\" title=\"Phone\" data-toggle=\"tooltip\"><\/a><\/div><\/div><\/div><\/div><\/div><\/div><div class=\"fusion-layout-column fusion_builder_column fusion-builder-column-1 fusion_builder_column_1_2 1_2 fusion-flex-column\" style=\"--awb-bg-size:cover;--awb-width-large:50%;--awb-margin-top-large:0px;--awb-spacing-right-large:3.84%;--awb-margin-bottom-large:0px;--awb-spacing-left-large:3.84%;--awb-width-medium:100%;--awb-order-medium:0;--awb-spacing-right-medium:1.92%;--awb-spacing-left-medium:1.92%;--awb-width-small:100%;--awb-order-small:0;--awb-spacing-right-small:1.92%;--awb-spacing-left-small:1.92%;\"><div class=\"fusion-column-wrapper fusion-column-has-shadow fusion-flex-justify-content-flex-start fusion-content-layout-column\"><div class=\"fusion-title title fusion-title-1 fusion-sep-none fusion-title-text fusion-title-size-four fusion-animated\" style=\"--awb-text-color:var(--awb-color4);--awb-sep-color:var(--awb-custom_color_3);\" data-animationType=\"fadeInLeft\" data-animationDuration=\"0.3\" data-animationOffset=\"top-mid-of-view\"><h4 class=\"fusion-title-heading title-heading-right fusion-responsive-typography-calculated\" style=\"font-family:&quot;Poppins&quot;;font-style:normal;font-weight:400;margin:0;--fontSize:30;line-height:1.4;\"><p data-fontsize=\"18\" data-lineheight=\"27px\">ENTWICKLUNG UND SIMULATION EINES ANSATZES F\u00dcR EINEN OPTIMIERTEN MATERIALFLUSS IN EINER KUNSTSTOFF-PRODUZIERENDEN ANLAGE<\/p><\/h4><\/div><\/div><\/div><\/div><\/div><div class=\"fusion-fullwidth fullwidth-box fusion-builder-row-2 fusion-flex-container nonhundred-percent-fullwidth non-hundred-percent-height-scrolling\" style=\"--awb-border-radius-top-left:0px;--awb-border-radius-top-right:0px;--awb-border-radius-bottom-right:0px;--awb-border-radius-bottom-left:0px;--awb-flex-wrap:wrap;\" ><div class=\"fusion-builder-row fusion-row fusion-flex-align-items-flex-start fusion-flex-content-wrap\" style=\"max-width:1216.8px;margin-left: calc(-4% \/ 2 );margin-right: calc(-4% \/ 2 );\"><div class=\"fusion-layout-column fusion_builder_column fusion-builder-column-2 fusion_builder_column_1_1 1_1 fusion-flex-column\" style=\"--awb-bg-size:cover;--awb-width-large:100%;--awb-margin-top-large:0px;--awb-spacing-right-large:1.92%;--awb-margin-bottom-large:0px;--awb-spacing-left-large:1.92%;--awb-width-medium:100%;--awb-order-medium:0;--awb-spacing-right-medium:1.92%;--awb-spacing-left-medium:1.92%;--awb-width-small:100%;--awb-order-small:0;--awb-spacing-right-small:1.92%;--awb-spacing-left-small:1.92%;\"><div class=\"fusion-column-wrapper fusion-column-has-shadow fusion-flex-justify-content-flex-start fusion-content-layout-column\"><div class=\"fusion-separator fusion-full-width-sep\" style=\"align-self: center;margin-left: auto;margin-right: auto;margin-top:50px;margin-bottom:50px;width:100%;\"><div class=\"fusion-separator-border sep-single sep-solid\" style=\"--awb-height:20px;--awb-amount:20px;--awb-sep-color:var(--awb-color5);border-color:var(--awb-color5);border-top-width:1px;\"><\/div><\/div><div class=\"fusion-text fusion-text-1\" style=\"--awb-content-alignment:right;--awb-text-font-family:&quot;Poppins&quot;;--awb-text-font-style:normal;--awb-text-font-weight:400;\"><p class=\"entry-title fusion-responsive-typography-calculated\" style=\"text-align: left;\" data-fontsize=\"18\" data-lineheight=\"25.2px\"><strong>Forschungsprojekt<\/strong>: Entwicklung und Simulation eines optimierten Materialfluss<\/p>\n<p style=\"text-align: left;\"><strong>Forschungsbereich<\/strong>: Simulation, Materialfluss<\/p>\n<p style=\"text-align: left;\"><strong>In Zusammenarbeit mit: <\/strong>Maschinenbauhersteller<\/p>\n<p style=\"text-align: left;\"><strong>Beginn des Projekts<\/strong>: 11\/2017<\/p>\n<p style=\"text-align: left;\"><strong>Ende des Projekts<\/strong>: 09\/2018<\/p>\n<\/div><\/div><\/div><\/div><\/div><div class=\"fusion-fullwidth fullwidth-box fusion-builder-row-3 fusion-flex-container nonhundred-percent-fullwidth non-hundred-percent-height-scrolling\" style=\"--awb-border-radius-top-left:0px;--awb-border-radius-top-right:0px;--awb-border-radius-bottom-right:0px;--awb-border-radius-bottom-left:0px;--awb-flex-wrap:wrap;\" ><div class=\"fusion-builder-row fusion-row fusion-flex-align-items-flex-start fusion-flex-content-wrap\" style=\"max-width:1216.8px;margin-left: calc(-4% \/ 2 );margin-right: calc(-4% \/ 2 );\"><div class=\"fusion-layout-column fusion_builder_column fusion-builder-column-3 fusion_builder_column_1_1 1_1 fusion-flex-column\" style=\"--awb-bg-size:cover;--awb-width-large:100%;--awb-margin-top-large:0px;--awb-spacing-right-large:1.92%;--awb-margin-bottom-large:0px;--awb-spacing-left-large:1.92%;--awb-width-medium:100%;--awb-order-medium:0;--awb-spacing-right-medium:1.92%;--awb-spacing-left-medium:1.92%;--awb-width-small:100%;--awb-order-small:0;--awb-spacing-right-small:1.92%;--awb-spacing-left-small:1.92%;\"><div class=\"fusion-column-wrapper fusion-column-has-shadow fusion-flex-justify-content-flex-start fusion-content-layout-column\"><div class=\"fusion-title title fusion-title-2 fusion-title-text fusion-title-size-two fusion-animated\" style=\"--awb-text-color:var(--awb-color4);--awb-sep-color:var(--awb-color5);\" data-animationType=\"fadeInLeft\" data-animationDuration=\"0.3\" data-animationOffset=\"top-mid-of-view\"><div class=\"title-sep-container title-sep-container-left\"><div class=\"title-sep sep-single sep-solid\" style=\"border-color:var(--awb-color5);\"><\/div><\/div><span class=\"awb-title-spacer\"><\/span><h2 class=\"fusion-title-heading title-heading-right fusion-responsive-typography-calculated\" style=\"font-family:&quot;Poppins&quot;;font-style:normal;font-weight:400;margin:0;--fontSize:65;line-height:1.0;\">\u00dcBER DAS PROJEKT<\/h2><span class=\"awb-title-spacer fusion-no-large-visibility fusion-no-medium-visibility fusion-no-small-visibility\"><\/span><div class=\"title-sep-container title-sep-container-right fusion-no-large-visibility fusion-no-medium-visibility fusion-no-small-visibility\"><div class=\"title-sep sep-single sep-solid\" style=\"border-color:var(--awb-color5);\"><\/div><\/div><\/div><div class=\"fusion-text fusion-text-2\" style=\"--awb-text-font-family:&quot;Poppins&quot;;--awb-text-font-style:normal;--awb-text-font-weight:400;\"><p class=\"fusion-responsive-typography-calculated\" style=\"text-align: left;\" data-fontsize=\"16\" data-lineheight=\"24px\">Die Matrixproduktion ist ein neues Verfahren zur Strukturierung der Produktion: Sie bricht die starre Struktur der getakteten Linienfertigung auf.<\/p>\n<p class=\"fusion-responsive-typography-calculated\" style=\"text-align: left;\" data-fontsize=\"16\" data-lineheight=\"24px\">Gerade im Bereich der schnelllaufenden Kunststoffverarbeitung ergeben sich jedoch besondere Herausforderungen an Transportgeschwindigkeit, Puffer, Inhalt, Produktivit\u00e4t, und Bearbeitungszeit.<\/p>\n<p class=\"fusion-responsive-typography-calculated\" style=\"text-align: left;\" data-fontsize=\"16\" data-lineheight=\"24px\">Im Rahmen des Projektes wurde eine neuartige Anlage zur Kunststoffproduktion simuliert. Basis des Prozesses ist eine Matrix-Struktur. Die dabei gewonnenen Erkenntnisse im Bereich der Produktionsplanung und -steuerung wurden simuliert und in zwei Optimierungsalgorithmen getestet.<\/p>\n<p class=\"fusion-responsive-typography-calculated\" style=\"text-align: left;\" data-fontsize=\"16\" data-lineheight=\"24px\">Die Simulation und die Entwicklung der Optimierungsalgorithmen erfolgten am Institut f\u00fcr Technische Logistik.<\/p>\n<p class=\"fusion-responsive-typography-calculated\" style=\"text-align: left;\" data-fontsize=\"16\" data-lineheight=\"24px\">Diese Optimierungsalgorithmen wurden anschlie\u00dfend bewertet basierend auf den Produktionsdaten und miteinander verglichen.<\/p>\n<p class=\"fusion-responsive-typography-calculated\" style=\"text-align: left;\" data-fontsize=\"16\" data-lineheight=\"24px\">Die Simulation erfolgte anhand einer ereignisdiskreten Simulation. Auf Basis des entwickelten Planungs- und Steuerungsdatenrhythmus konnte ein neuartiges Maschinenkonzept f\u00fcr die Kunststoffverarbeitung entwickelt werden.<\/p>\n<\/div><\/div><\/div><\/div><\/div><\/p>\n","protected":false},"excerpt":{"rendered":"","protected":false},"author":11,"featured_media":0,"parent":2152,"menu_order":0,"comment_status":"closed","ping_status":"closed","template":"","meta":{"_acf_changed":false,"footnotes":""},"class_list":["post-2638","page","type-page","status-publish","hentry"],"acf":[],"yoast_head":"<!-- This site is optimized with the Yoast SEO plugin v25.5 - https:\/\/yoast.com\/wordpress\/plugins\/seo\/ -->\n<title>Entwicklung und Simulation eines Ansatzes f\u00fcr einen optimierten Materialfluss in einer kunststoffproduzierenden Anlage - Institut f\u00fcr Technische Logistik<\/title>\n<meta name=\"description\" content=\"Simulation einer neuartigen Anlage zur Kunststoffproduktion: Durchf\u00fchrung der Simulation und die Entwicklung der Optimierungsalgorithmen\" \/>\n<meta name=\"robots\" content=\"index, follow, max-snippet:-1, max-image-preview:large, max-video-preview:-1\" \/>\n<link rel=\"canonical\" href=\"https:\/\/www3.tuhh.de\/itl\/projekte\/entwicklung-und-simulation-eines-ansatzes-fuer-einen-optimierten-materialfluss-in-einer-kunststoffproduzierenden-anlage\/\" \/>\n<meta property=\"og:locale\" content=\"de_DE\" \/>\n<meta property=\"og:type\" content=\"article\" \/>\n<meta property=\"og:title\" content=\"Entwicklung und Simulation eines Ansatzes f\u00fcr einen optimierten Materialfluss in einer kunststoffproduzierenden Anlage - Institut f\u00fcr Technische Logistik\" \/>\n<meta property=\"og:description\" content=\"Simulation einer neuartigen Anlage zur Kunststoffproduktion: Durchf\u00fchrung der Simulation und die Entwicklung der Optimierungsalgorithmen\" \/>\n<meta property=\"og:url\" content=\"https:\/\/www3.tuhh.de\/itl\/projekte\/entwicklung-und-simulation-eines-ansatzes-fuer-einen-optimierten-materialfluss-in-einer-kunststoffproduzierenden-anlage\/\" \/>\n<meta property=\"og:site_name\" content=\"Institut f\u00fcr Technische Logistik\" \/>\n<meta property=\"article:publisher\" content=\"https:\/\/www.facebook.com\/ITLTUHH\/\" \/>\n<meta property=\"article:modified_time\" content=\"2024-01-10T08:11:43+00:00\" \/>\n<meta name=\"twitter:card\" content=\"summary_large_image\" \/>\n<meta name=\"twitter:site\" content=\"@ITL_TUHH\" \/>\n<meta name=\"twitter:label1\" content=\"Gesch\u00e4tzte Lesezeit\" \/>\n\t<meta name=\"twitter:data1\" content=\"8\u00a0Minuten\" \/>\n<script type=\"application\/ld+json\" class=\"yoast-schema-graph\">{\"@context\":\"https:\/\/schema.org\",\"@graph\":[{\"@type\":\"WebPage\",\"@id\":\"https:\/\/www3.tuhh.de\/itl\/projekte\/entwicklung-und-simulation-eines-ansatzes-fuer-einen-optimierten-materialfluss-in-einer-kunststoffproduzierenden-anlage\/\",\"url\":\"https:\/\/www3.tuhh.de\/itl\/projekte\/entwicklung-und-simulation-eines-ansatzes-fuer-einen-optimierten-materialfluss-in-einer-kunststoffproduzierenden-anlage\/\",\"name\":\"Entwicklung und Simulation eines Ansatzes f\u00fcr einen optimierten Materialfluss in einer kunststoffproduzierenden Anlage - Institut f\u00fcr Technische Logistik\",\"isPartOf\":{\"@id\":\"https:\/\/www3.tuhh.de\/itl\/#website\"},\"datePublished\":\"2022-06-16T12:44:24+00:00\",\"dateModified\":\"2024-01-10T08:11:43+00:00\",\"description\":\"Simulation einer neuartigen Anlage zur Kunststoffproduktion: Durchf\u00fchrung der Simulation und die Entwicklung der Optimierungsalgorithmen\",\"breadcrumb\":{\"@id\":\"https:\/\/www3.tuhh.de\/itl\/projekte\/entwicklung-und-simulation-eines-ansatzes-fuer-einen-optimierten-materialfluss-in-einer-kunststoffproduzierenden-anlage\/#breadcrumb\"},\"inLanguage\":\"de\",\"potentialAction\":[{\"@type\":\"ReadAction\",\"target\":[\"https:\/\/www3.tuhh.de\/itl\/projekte\/entwicklung-und-simulation-eines-ansatzes-fuer-einen-optimierten-materialfluss-in-einer-kunststoffproduzierenden-anlage\/\"]}]},{\"@type\":\"BreadcrumbList\",\"@id\":\"https:\/\/www3.tuhh.de\/itl\/projekte\/entwicklung-und-simulation-eines-ansatzes-fuer-einen-optimierten-materialfluss-in-einer-kunststoffproduzierenden-anlage\/#breadcrumb\",\"itemListElement\":[{\"@type\":\"ListItem\",\"position\":1,\"name\":\"Startseite\",\"item\":\"https:\/\/www3.tuhh.de\/itl\/\"},{\"@type\":\"ListItem\",\"position\":2,\"name\":\"Projekte\",\"item\":\"https:\/\/www3.tuhh.de\/itl\/projekte\/\"},{\"@type\":\"ListItem\",\"position\":3,\"name\":\"Entwicklung und Simulation eines Ansatzes f\u00fcr einen optimierten Materialfluss in einer kunststoffproduzierenden Anlage\"}]},{\"@type\":\"WebSite\",\"@id\":\"https:\/\/www3.tuhh.de\/itl\/#website\",\"url\":\"https:\/\/www3.tuhh.de\/itl\/\",\"name\":\"Institut f\u00fcr Technische Logistik\",\"description\":\"Willkommen beim Institut f\u00fcr Technische Logistik der TU Hamburg!\",\"publisher\":{\"@id\":\"https:\/\/www3.tuhh.de\/itl\/#organization\"},\"potentialAction\":[{\"@type\":\"SearchAction\",\"target\":{\"@type\":\"EntryPoint\",\"urlTemplate\":\"https:\/\/www3.tuhh.de\/itl\/?s={search_term_string}\"},\"query-input\":{\"@type\":\"PropertyValueSpecification\",\"valueRequired\":true,\"valueName\":\"search_term_string\"}}],\"inLanguage\":\"de\"},{\"@type\":\"Organization\",\"@id\":\"https:\/\/www3.tuhh.de\/itl\/#organization\",\"name\":\"Institut f\u00fcr Technische Logistik\",\"url\":\"https:\/\/www3.tuhh.de\/itl\/\",\"logo\":{\"@type\":\"ImageObject\",\"inLanguage\":\"de\",\"@id\":\"https:\/\/www3.tuhh.de\/itl\/#\/schema\/logo\/image\/\",\"url\":\"https:\/\/www3.tuhh.de\/itl\/wp-content\/uploads\/2022\/10\/Logo_ITL_blau_2018-06-12_kl-1.gif\",\"contentUrl\":\"https:\/\/www3.tuhh.de\/itl\/wp-content\/uploads\/2022\/10\/Logo_ITL_blau_2018-06-12_kl-1.gif\",\"width\":47,\"height\":44,\"caption\":\"Institut f\u00fcr Technische Logistik\"},\"image\":{\"@id\":\"https:\/\/www3.tuhh.de\/itl\/#\/schema\/logo\/image\/\"},\"sameAs\":[\"https:\/\/www.facebook.com\/ITLTUHH\/\",\"https:\/\/x.com\/ITL_TUHH\",\"https:\/\/www.instagram.com\/itlhamburg\/\",\"https:\/\/www.youtube.com\/channel\/UCjfr0QytTA29dJInXSUQz8w\"]}]}<\/script>\n<!-- \/ Yoast SEO plugin. -->","yoast_head_json":{"title":"Entwicklung und Simulation eines Ansatzes f\u00fcr einen optimierten Materialfluss in einer kunststoffproduzierenden Anlage - Institut f\u00fcr Technische Logistik","description":"Simulation einer neuartigen Anlage zur Kunststoffproduktion: Durchf\u00fchrung der Simulation und die Entwicklung der Optimierungsalgorithmen","robots":{"index":"index","follow":"follow","max-snippet":"max-snippet:-1","max-image-preview":"max-image-preview:large","max-video-preview":"max-video-preview:-1"},"canonical":"https:\/\/www3.tuhh.de\/itl\/projekte\/entwicklung-und-simulation-eines-ansatzes-fuer-einen-optimierten-materialfluss-in-einer-kunststoffproduzierenden-anlage\/","og_locale":"de_DE","og_type":"article","og_title":"Entwicklung und Simulation eines Ansatzes f\u00fcr einen optimierten Materialfluss in einer kunststoffproduzierenden Anlage - Institut f\u00fcr Technische Logistik","og_description":"Simulation einer neuartigen Anlage zur Kunststoffproduktion: Durchf\u00fchrung der Simulation und die Entwicklung der Optimierungsalgorithmen","og_url":"https:\/\/www3.tuhh.de\/itl\/projekte\/entwicklung-und-simulation-eines-ansatzes-fuer-einen-optimierten-materialfluss-in-einer-kunststoffproduzierenden-anlage\/","og_site_name":"Institut f\u00fcr Technische Logistik","article_publisher":"https:\/\/www.facebook.com\/ITLTUHH\/","article_modified_time":"2024-01-10T08:11:43+00:00","twitter_card":"summary_large_image","twitter_site":"@ITL_TUHH","twitter_misc":{"Gesch\u00e4tzte Lesezeit":"8\u00a0Minuten"},"schema":{"@context":"https:\/\/schema.org","@graph":[{"@type":"WebPage","@id":"https:\/\/www3.tuhh.de\/itl\/projekte\/entwicklung-und-simulation-eines-ansatzes-fuer-einen-optimierten-materialfluss-in-einer-kunststoffproduzierenden-anlage\/","url":"https:\/\/www3.tuhh.de\/itl\/projekte\/entwicklung-und-simulation-eines-ansatzes-fuer-einen-optimierten-materialfluss-in-einer-kunststoffproduzierenden-anlage\/","name":"Entwicklung und Simulation eines Ansatzes f\u00fcr einen optimierten Materialfluss in einer kunststoffproduzierenden Anlage - Institut f\u00fcr Technische Logistik","isPartOf":{"@id":"https:\/\/www3.tuhh.de\/itl\/#website"},"datePublished":"2022-06-16T12:44:24+00:00","dateModified":"2024-01-10T08:11:43+00:00","description":"Simulation einer neuartigen Anlage zur Kunststoffproduktion: Durchf\u00fchrung der Simulation und die Entwicklung der Optimierungsalgorithmen","breadcrumb":{"@id":"https:\/\/www3.tuhh.de\/itl\/projekte\/entwicklung-und-simulation-eines-ansatzes-fuer-einen-optimierten-materialfluss-in-einer-kunststoffproduzierenden-anlage\/#breadcrumb"},"inLanguage":"de","potentialAction":[{"@type":"ReadAction","target":["https:\/\/www3.tuhh.de\/itl\/projekte\/entwicklung-und-simulation-eines-ansatzes-fuer-einen-optimierten-materialfluss-in-einer-kunststoffproduzierenden-anlage\/"]}]},{"@type":"BreadcrumbList","@id":"https:\/\/www3.tuhh.de\/itl\/projekte\/entwicklung-und-simulation-eines-ansatzes-fuer-einen-optimierten-materialfluss-in-einer-kunststoffproduzierenden-anlage\/#breadcrumb","itemListElement":[{"@type":"ListItem","position":1,"name":"Startseite","item":"https:\/\/www3.tuhh.de\/itl\/"},{"@type":"ListItem","position":2,"name":"Projekte","item":"https:\/\/www3.tuhh.de\/itl\/projekte\/"},{"@type":"ListItem","position":3,"name":"Entwicklung und Simulation eines Ansatzes f\u00fcr einen optimierten Materialfluss in einer kunststoffproduzierenden Anlage"}]},{"@type":"WebSite","@id":"https:\/\/www3.tuhh.de\/itl\/#website","url":"https:\/\/www3.tuhh.de\/itl\/","name":"Institut f\u00fcr Technische Logistik","description":"Willkommen beim Institut f\u00fcr Technische Logistik der TU Hamburg!","publisher":{"@id":"https:\/\/www3.tuhh.de\/itl\/#organization"},"potentialAction":[{"@type":"SearchAction","target":{"@type":"EntryPoint","urlTemplate":"https:\/\/www3.tuhh.de\/itl\/?s={search_term_string}"},"query-input":{"@type":"PropertyValueSpecification","valueRequired":true,"valueName":"search_term_string"}}],"inLanguage":"de"},{"@type":"Organization","@id":"https:\/\/www3.tuhh.de\/itl\/#organization","name":"Institut f\u00fcr Technische Logistik","url":"https:\/\/www3.tuhh.de\/itl\/","logo":{"@type":"ImageObject","inLanguage":"de","@id":"https:\/\/www3.tuhh.de\/itl\/#\/schema\/logo\/image\/","url":"https:\/\/www3.tuhh.de\/itl\/wp-content\/uploads\/2022\/10\/Logo_ITL_blau_2018-06-12_kl-1.gif","contentUrl":"https:\/\/www3.tuhh.de\/itl\/wp-content\/uploads\/2022\/10\/Logo_ITL_blau_2018-06-12_kl-1.gif","width":47,"height":44,"caption":"Institut f\u00fcr Technische Logistik"},"image":{"@id":"https:\/\/www3.tuhh.de\/itl\/#\/schema\/logo\/image\/"},"sameAs":["https:\/\/www.facebook.com\/ITLTUHH\/","https:\/\/x.com\/ITL_TUHH","https:\/\/www.instagram.com\/itlhamburg\/","https:\/\/www.youtube.com\/channel\/UCjfr0QytTA29dJInXSUQz8w"]}]}},"jetpack_sharing_enabled":true,"_links":{"self":[{"href":"https:\/\/www3.tuhh.de\/itl\/wp-json\/wp\/v2\/pages\/2638","targetHints":{"allow":["GET"]}}],"collection":[{"href":"https:\/\/www3.tuhh.de\/itl\/wp-json\/wp\/v2\/pages"}],"about":[{"href":"https:\/\/www3.tuhh.de\/itl\/wp-json\/wp\/v2\/types\/page"}],"author":[{"embeddable":true,"href":"https:\/\/www3.tuhh.de\/itl\/wp-json\/wp\/v2\/users\/11"}],"replies":[{"embeddable":true,"href":"https:\/\/www3.tuhh.de\/itl\/wp-json\/wp\/v2\/comments?post=2638"}],"version-history":[{"count":8,"href":"https:\/\/www3.tuhh.de\/itl\/wp-json\/wp\/v2\/pages\/2638\/revisions"}],"predecessor-version":[{"id":14143,"href":"https:\/\/www3.tuhh.de\/itl\/wp-json\/wp\/v2\/pages\/2638\/revisions\/14143"}],"up":[{"embeddable":true,"href":"https:\/\/www3.tuhh.de\/itl\/wp-json\/wp\/v2\/pages\/2152"}],"wp:attachment":[{"href":"https:\/\/www3.tuhh.de\/itl\/wp-json\/wp\/v2\/media?parent=2638"}],"curies":[{"name":"wp","href":"https:\/\/api.w.org\/{rel}","templated":true}]}}