{"id":26,"date":"2021-09-20T13:07:16","date_gmt":"2021-09-20T11:07:16","guid":{"rendered":"https:\/\/www2.tuhh.de\/kogomo\/?page_id=26"},"modified":"2025-03-31T12:01:38","modified_gmt":"2025-03-31T10:01:38","slug":"projektpartner","status":"publish","type":"page","link":"https:\/\/www3.tuhh.de\/vpl\/kogomo\/projektpartner\/","title":{"rendered":"Partner"},"content":{"rendered":"\n<h2 class=\"wp-block-heading\">(alle Phasen)<\/h2>\n\n\n\n<h3 class=\"wp-block-heading\"><strong>Verbundpartner<\/strong><\/h3>\n\n\n\n<div class=\"wp-block-columns is-layout-flex wp-container-core-columns-is-layout-9d6595d7 wp-block-columns-is-layout-flex\">\n<div class=\"wp-block-column is-vertically-aligned-center is-layout-flow wp-block-column-is-layout-flow\" style=\"flex-basis:66.66%\">\n<p class=\"has-text-align-left\">Beh\u00f6rde f\u00fcr Verkehr und Mobilit\u00e4tswende (BVM) &#8211; <br>Abteilung Verkehrsentwicklung (Projektkoordination)<\/p>\n<\/div>\n\n\n\n<div class=\"wp-block-column is-layout-flow wp-block-column-is-layout-flow\" style=\"flex-basis:33.33%\"><div class=\"wp-block-image is-resized\">\n<figure class=\"aligncenter size-large\"><a href=\"https:\/\/www.hamburg.de\/bvm\/\"><img loading=\"lazy\" decoding=\"async\" width=\"1024\" height=\"348\" src=\"http:\/\/www3.tuhh.de\/vpl\/kogomo\/wp-content\/uploads\/sites\/4\/2022\/04\/BVM_deu_300dpi_RGB-1024x348.jpg\" alt=\"Logo BVM\" class=\"wp-image-197\" srcset=\"https:\/\/www3.tuhh.de\/vpl\/kogomo\/wp-content\/uploads\/sites\/4\/2022\/04\/BVM_deu_300dpi_RGB-1024x348.jpg 1024w, https:\/\/www3.tuhh.de\/vpl\/kogomo\/wp-content\/uploads\/sites\/4\/2022\/04\/BVM_deu_300dpi_RGB-300x102.jpg 300w, https:\/\/www3.tuhh.de\/vpl\/kogomo\/wp-content\/uploads\/sites\/4\/2022\/04\/BVM_deu_300dpi_RGB-768x261.jpg 768w, https:\/\/www3.tuhh.de\/vpl\/kogomo\/wp-content\/uploads\/sites\/4\/2022\/04\/BVM_deu_300dpi_RGB-1536x522.jpg 1536w, https:\/\/www3.tuhh.de\/vpl\/kogomo\/wp-content\/uploads\/sites\/4\/2022\/04\/BVM_deu_300dpi_RGB.jpg 1740w\" sizes=\"auto, (max-width: 1024px) 100vw, 1024px\" \/><\/a><\/figure>\n<\/div><\/div>\n<\/div>\n\n\n\n<div class=\"wp-block-columns is-layout-flex wp-container-core-columns-is-layout-9d6595d7 wp-block-columns-is-layout-flex\">\n<div class=\"wp-block-column is-vertically-aligned-center is-layout-flow wp-block-column-is-layout-flow\" style=\"flex-basis:66.66%\">\n<p class=\"has-text-align-left\">Technische Universit\u00e4t Hamburg &#8211; <br>Institut f\u00fcr Verkehrsplanung und Logistik<\/p>\n<\/div>\n\n\n\n<div class=\"wp-block-column is-vertically-aligned-top is-layout-flow wp-block-column-is-layout-flow\" style=\"flex-basis:33.33%\"><div class=\"wp-block-image is-resized\">\n<figure class=\"aligncenter size-large\"><img loading=\"lazy\" decoding=\"async\" width=\"1024\" height=\"743\" src=\"http:\/\/www3.tuhh.de\/vpl\/kogomo\/wp-content\/uploads\/sites\/4\/2022\/04\/Institutslogo-web-W8undTU-1024x743.png\" alt=\"\" class=\"wp-image-215\" srcset=\"https:\/\/www3.tuhh.de\/vpl\/kogomo\/wp-content\/uploads\/sites\/4\/2022\/04\/Institutslogo-web-W8undTU-1024x743.png 1024w, https:\/\/www3.tuhh.de\/vpl\/kogomo\/wp-content\/uploads\/sites\/4\/2022\/04\/Institutslogo-web-W8undTU-300x218.png 300w, https:\/\/www3.tuhh.de\/vpl\/kogomo\/wp-content\/uploads\/sites\/4\/2022\/04\/Institutslogo-web-W8undTU-768x557.png 768w, https:\/\/www3.tuhh.de\/vpl\/kogomo\/wp-content\/uploads\/sites\/4\/2022\/04\/Institutslogo-web-W8undTU.png 1163w\" sizes=\"auto, (max-width: 1024px) 100vw, 1024px\" \/><\/figure>\n<\/div><\/div>\n<\/div>\n\n\n\n<div class=\"wp-block-columns is-layout-flex wp-container-core-columns-is-layout-9d6595d7 wp-block-columns-is-layout-flex\">\n<div class=\"wp-block-column is-vertically-aligned-center is-layout-flow wp-block-column-is-layout-flow\" style=\"flex-basis:66.66%\">\n<p class=\"has-text-align-left\">Bezirksamt Harburg &#8211; <br>Fachamt Management des \u00f6ffentlichen Raumes<\/p>\n<\/div>\n\n\n\n<div class=\"wp-block-column is-layout-flow wp-block-column-is-layout-flow\" style=\"flex-basis:33.33%\"><div class=\"wp-block-image is-resized\">\n<figure class=\"aligncenter size-large\"><a href=\"https:\/\/www.hamburg.de\/harburg\/\"><img loading=\"lazy\" decoding=\"async\" width=\"1024\" height=\"438\" src=\"http:\/\/www3.tuhh.de\/vpl\/kogomo\/wp-content\/uploads\/sites\/4\/2022\/04\/Bezirksamt_Harburg_RGB-1024x438.jpg\" alt=\"Logo Bezirksamt Harburg\" class=\"wp-image-198\" srcset=\"https:\/\/www3.tuhh.de\/vpl\/kogomo\/wp-content\/uploads\/sites\/4\/2022\/04\/Bezirksamt_Harburg_RGB-1024x438.jpg 1024w, https:\/\/www3.tuhh.de\/vpl\/kogomo\/wp-content\/uploads\/sites\/4\/2022\/04\/Bezirksamt_Harburg_RGB-300x128.jpg 300w, https:\/\/www3.tuhh.de\/vpl\/kogomo\/wp-content\/uploads\/sites\/4\/2022\/04\/Bezirksamt_Harburg_RGB-768x329.jpg 768w, https:\/\/www3.tuhh.de\/vpl\/kogomo\/wp-content\/uploads\/sites\/4\/2022\/04\/Bezirksamt_Harburg_RGB.jpg 1381w\" sizes=\"auto, (max-width: 1024px) 100vw, 1024px\" \/><\/a><\/figure>\n<\/div><\/div>\n<\/div>\n\n\n\n<div class=\"wp-block-columns is-layout-flex wp-container-core-columns-is-layout-9d6595d7 wp-block-columns-is-layout-flex\">\n<div class=\"wp-block-column is-vertically-aligned-center is-layout-flow wp-block-column-is-layout-flow\" style=\"flex-basis:66.66%\">\n<p class=\"has-text-align-left\">MOIA Operations Germany GmbH<\/p>\n<\/div>\n\n\n\n<div class=\"wp-block-column is-layout-flow wp-block-column-is-layout-flow\" style=\"flex-basis:33.33%\"><div class=\"wp-block-image is-resized\">\n<figure class=\"aligncenter size-medium\"><a href=\"https:\/\/www.moia.io\/de-DE\"><img loading=\"lazy\" decoding=\"async\" width=\"300\" height=\"81\" src=\"http:\/\/www3.tuhh.de\/vpl\/kogomo\/wp-content\/uploads\/sites\/4\/2022\/02\/MOIA_logo_black_LQ-300x81.png\" alt=\"Logo MOIA\" class=\"wp-image-80\" srcset=\"https:\/\/www3.tuhh.de\/vpl\/kogomo\/wp-content\/uploads\/sites\/4\/2022\/02\/MOIA_logo_black_LQ-300x81.png 300w, https:\/\/www3.tuhh.de\/vpl\/kogomo\/wp-content\/uploads\/sites\/4\/2022\/02\/MOIA_logo_black_LQ-1024x276.png 1024w, https:\/\/www3.tuhh.de\/vpl\/kogomo\/wp-content\/uploads\/sites\/4\/2022\/02\/MOIA_logo_black_LQ-768x207.png 768w, https:\/\/www3.tuhh.de\/vpl\/kogomo\/wp-content\/uploads\/sites\/4\/2022\/02\/MOIA_logo_black_LQ-1536x414.png 1536w, https:\/\/www3.tuhh.de\/vpl\/kogomo\/wp-content\/uploads\/sites\/4\/2022\/02\/MOIA_logo_black_LQ.png 1755w\" sizes=\"auto, (max-width: 300px) 100vw, 300px\" \/><\/a><\/figure>\n<\/div><\/div>\n<\/div>\n\n\n\n<div class=\"wp-block-columns is-layout-flex wp-container-core-columns-is-layout-9d6595d7 wp-block-columns-is-layout-flex\">\n<div class=\"wp-block-column is-vertically-aligned-center is-layout-flow wp-block-column-is-layout-flow\" style=\"flex-basis:66.66%\">\n<p class=\"has-text-align-left\">cambio Hamburg CarSharing GmbH<\/p>\n<\/div>\n\n\n\n<div class=\"wp-block-column is-layout-flow wp-block-column-is-layout-flow\" style=\"flex-basis:33.33%\"><div class=\"wp-block-image is-resized\">\n<figure class=\"alignleft size-medium\"><a href=\"https:\/\/www.cambio-carsharing.de\/cms\/carsharing\/de\/1\/cms_f2_64\/cms?cms_knschluessel=HOME\"><img loading=\"lazy\" decoding=\"async\" width=\"300\" height=\"300\" src=\"http:\/\/www3.tuhh.de\/vpl\/kogomo\/wp-content\/uploads\/sites\/4\/2022\/02\/cambio-Logo-300x300.png\" alt=\"Logo cambio\" class=\"wp-image-75\" style=\"width:95px;height:auto\" srcset=\"https:\/\/www3.tuhh.de\/vpl\/kogomo\/wp-content\/uploads\/sites\/4\/2022\/02\/cambio-Logo-300x300.png 300w, https:\/\/www3.tuhh.de\/vpl\/kogomo\/wp-content\/uploads\/sites\/4\/2022\/02\/cambio-Logo-1024x1024.png 1024w, https:\/\/www3.tuhh.de\/vpl\/kogomo\/wp-content\/uploads\/sites\/4\/2022\/02\/cambio-Logo-150x150.png 150w, https:\/\/www3.tuhh.de\/vpl\/kogomo\/wp-content\/uploads\/sites\/4\/2022\/02\/cambio-Logo-768x768.png 768w, https:\/\/www3.tuhh.de\/vpl\/kogomo\/wp-content\/uploads\/sites\/4\/2022\/02\/cambio-Logo.png 1200w\" sizes=\"auto, (max-width: 300px) 100vw, 300px\" \/><\/a><\/figure>\n<\/div><\/div>\n<\/div>\n\n\n\n<div class=\"wp-block-columns is-layout-flex wp-container-core-columns-is-layout-9d6595d7 wp-block-columns-is-layout-flex\">\n<div class=\"wp-block-column is-vertically-aligned-center is-layout-flow wp-block-column-is-layout-flow\" style=\"flex-basis:66.66%\">\n<p class=\"has-text-align-left\">Hamburger Hochbahn AG (HHA) \u2013 <br>Fachbereich Vertriebsplanung und Innovation<\/p>\n<\/div>\n\n\n\n<div class=\"wp-block-column is-layout-flow wp-block-column-is-layout-flow\" style=\"flex-basis:33.33%\">\n<figure class=\"wp-block-image size-large\"><a href=\"https:\/\/www.hochbahn.de\/de\"><img loading=\"lazy\" decoding=\"async\" width=\"1024\" height=\"155\" src=\"http:\/\/www3.tuhh.de\/vpl\/kogomo\/wp-content\/uploads\/sites\/4\/2024\/01\/Hochbahn-Logo-1024x155.png\" alt=\"\" class=\"wp-image-328\" srcset=\"https:\/\/www3.tuhh.de\/vpl\/kogomo\/wp-content\/uploads\/sites\/4\/2024\/01\/Hochbahn-Logo-1024x155.png 1024w, https:\/\/www3.tuhh.de\/vpl\/kogomo\/wp-content\/uploads\/sites\/4\/2024\/01\/Hochbahn-Logo-300x46.png 300w, https:\/\/www3.tuhh.de\/vpl\/kogomo\/wp-content\/uploads\/sites\/4\/2024\/01\/Hochbahn-Logo-768x117.png 768w, https:\/\/www3.tuhh.de\/vpl\/kogomo\/wp-content\/uploads\/sites\/4\/2024\/01\/Hochbahn-Logo.png 1239w\" sizes=\"auto, (max-width: 1024px) 100vw, 1024px\" \/><\/a><\/figure>\n<\/div>\n<\/div>\n\n\n\n<h3 class=\"wp-block-heading\"><strong>Assoziierte Partner im Umsetzungsprozess<\/strong><\/h3>\n\n\n\n<ul class=\"wp-block-list\">\n<li>StadtRad (Deutsche Bahn Connect GmbH)<\/li>\n\n\n\n<li>freeNow (Intelligent Apps GmbH)<\/li>\n\n\n\n<li>Taxenvermittlung Funktaxenruf Harburg GmbH<\/li>\n\n\n\n<li>Hansa Funktaxi eG<\/li>\n\n\n\n<li>S\u00fcderelbe AG<\/li>\n\n\n\n<li>Eisenbahnbauverein Harburg eG<\/li>\n\n\n\n<li>Kitendo Mobility GmbH<\/li>\n\n\n\n<li>Harburg Marketing e.V.<\/li>\n<\/ul>\n\n\n\n<p>Wir nehmen gerne weitere assoziierte Partner auf. <br>Bitte melden Sie sich bei Interesse bei der KoGoMo-Projektkoordination. <br>Die Kontaktdaten finden Sie auf der Seite <a href=\"https:\/\/www3.tuhh.de\/vpl\/kogomo\/kontakt\/\">Kontakt<\/a>.<\/p>\n\n\n\n<h3 class=\"wp-block-heading\"><strong>Assoziierte Partner im Projektbeirat<\/strong><\/h3>\n\n\n\n<ul class=\"wp-block-list\">\n<li>Hamburger Verkehrsverbund GmbH (HVV)<\/li>\n\n\n\n<li>Verkehrsbetriebe Hamburg Holstein GmbH (VHH)<\/li>\n\n\n\n<li>Hamburger Hochbahn AG (HHA) \u2013 Bereich Wandel und Innovation<\/li>\n<\/ul>\n\n\n\n<h3 class=\"wp-block-heading\"><strong>Partnerkommunen<\/strong><\/h3>\n\n\n\n<ul class=\"wp-block-list\">\n<li>Stadt Solingen unterst\u00fctzt von der Bergischen Struktur und Wirtschaftsf\u00f6rderungsgesellschaft mbH (BSW)<\/li>\n\n\n\n<li>Freie Hansestadt Bremen<\/li>\n<\/ul>\n\n\n\n<p><\/p>\n","protected":false},"excerpt":{"rendered":"<p>(alle Phasen) Verbundpartner Beh\u00f6rde f\u00fcr Verkehr und Mobilit\u00e4tswende (BVM) &#8211; Abteilung Verkehrsentwicklung (Projektkoordination) Technische Universit\u00e4t Hamburg &#8211; Institut f\u00fcr Verkehrsplanung und Logistik Bezirksamt Harburg &#8211; Fachamt Management des \u00f6ffentlichen Raumes MOIA Operations Germany GmbH cambio Hamburg CarSharing GmbH Hamburger Hochbahn AG (HHA) \u2013 Fachbereich Vertriebsplanung und Innovation Assoziierte Partner im Umsetzungsprozess Wir nehmen gerne weitere &hellip; <a href=\"https:\/\/www3.tuhh.de\/vpl\/kogomo\/projektpartner\/\" class=\"more-link\"><span class=\"screen-reader-text\">Partner<\/span> weiterlesen <span class=\"meta-nav\">&rarr;<\/span><\/a><\/p>\n","protected":false},"author":1,"featured_media":0,"parent":0,"menu_order":0,"comment_status":"closed","ping_status":"closed","template":"","meta":{"footnotes":""},"class_list":["post-26","page","type-page","status-publish","hentry"],"yoast_head":"<!-- This site is optimized with the Yoast SEO plugin v26.9 - https:\/\/yoast.com\/product\/yoast-seo-wordpress\/ -->\n<title>Partner - KoGoMo<\/title>\n<meta name=\"robots\" content=\"index, follow, max-snippet:-1, max-image-preview:large, max-video-preview:-1\" \/>\n<link rel=\"canonical\" href=\"https:\/\/www3.tuhh.de\/vpl\/kogomo\/projektpartner\/\" \/>\n<meta property=\"og:locale\" content=\"de_DE\" \/>\n<meta property=\"og:type\" content=\"article\" \/>\n<meta property=\"og:title\" content=\"Partner - KoGoMo\" \/>\n<meta property=\"og:description\" content=\"(alle Phasen) Verbundpartner Beh\u00f6rde f\u00fcr Verkehr und Mobilit\u00e4tswende (BVM) &#8211; Abteilung Verkehrsentwicklung (Projektkoordination) Technische Universit\u00e4t Hamburg &#8211; Institut f\u00fcr Verkehrsplanung und Logistik Bezirksamt Harburg &#8211; Fachamt Management des \u00f6ffentlichen Raumes MOIA Operations Germany GmbH cambio Hamburg CarSharing GmbH Hamburger Hochbahn AG (HHA) \u2013 Fachbereich Vertriebsplanung und Innovation Assoziierte Partner im Umsetzungsprozess Wir nehmen gerne weitere &hellip; Partner weiterlesen &rarr;\" \/>\n<meta property=\"og:url\" content=\"https:\/\/www3.tuhh.de\/vpl\/kogomo\/projektpartner\/\" \/>\n<meta property=\"og:site_name\" content=\"KoGoMo\" \/>\n<meta property=\"article:modified_time\" content=\"2025-03-31T10:01:38+00:00\" \/>\n<meta property=\"og:image\" content=\"https:\/\/www3.tuhh.de\/vpl\/kogomo\/wp-content\/uploads\/sites\/4\/2022\/04\/BVM_deu_300dpi_RGB.jpg\" \/>\n\t<meta property=\"og:image:width\" content=\"1740\" \/>\n\t<meta property=\"og:image:height\" content=\"591\" \/>\n\t<meta property=\"og:image:type\" content=\"image\/jpeg\" \/>\n<meta name=\"twitter:card\" content=\"summary_large_image\" \/>\n<meta name=\"twitter:label1\" content=\"Gesch\u00e4tzte Lesezeit\" \/>\n\t<meta name=\"twitter:data1\" content=\"2\u00a0Minuten\" \/>\n<script type=\"application\/ld+json\" class=\"yoast-schema-graph\">{\"@context\":\"https:\/\/schema.org\",\"@graph\":[{\"@type\":\"WebPage\",\"@id\":\"https:\/\/www3.tuhh.de\/vpl\/kogomo\/projektpartner\/\",\"url\":\"https:\/\/www3.tuhh.de\/vpl\/kogomo\/projektpartner\/\",\"name\":\"Partner - KoGoMo\",\"isPartOf\":{\"@id\":\"https:\/\/www3.tuhh.de\/vpl\/kogomo\/#website\"},\"primaryImageOfPage\":{\"@id\":\"https:\/\/www3.tuhh.de\/vpl\/kogomo\/projektpartner\/#primaryimage\"},\"image\":{\"@id\":\"https:\/\/www3.tuhh.de\/vpl\/kogomo\/projektpartner\/#primaryimage\"},\"thumbnailUrl\":\"http:\/\/www3.tuhh.de\/vpl\/kogomo\/wp-content\/uploads\/sites\/4\/2022\/04\/BVM_deu_300dpi_RGB-1024x348.jpg\",\"datePublished\":\"2021-09-20T11:07:16+00:00\",\"dateModified\":\"2025-03-31T10:01:38+00:00\",\"breadcrumb\":{\"@id\":\"https:\/\/www3.tuhh.de\/vpl\/kogomo\/projektpartner\/#breadcrumb\"},\"inLanguage\":\"de\",\"potentialAction\":[{\"@type\":\"ReadAction\",\"target\":[\"https:\/\/www3.tuhh.de\/vpl\/kogomo\/projektpartner\/\"]}]},{\"@type\":\"ImageObject\",\"inLanguage\":\"de\",\"@id\":\"https:\/\/www3.tuhh.de\/vpl\/kogomo\/projektpartner\/#primaryimage\",\"url\":\"https:\/\/www3.tuhh.de\/vpl\/kogomo\/wp-content\/uploads\/sites\/4\/2022\/04\/BVM_deu_300dpi_RGB.jpg\",\"contentUrl\":\"https:\/\/www3.tuhh.de\/vpl\/kogomo\/wp-content\/uploads\/sites\/4\/2022\/04\/BVM_deu_300dpi_RGB.jpg\",\"width\":1740,\"height\":591},{\"@type\":\"BreadcrumbList\",\"@id\":\"https:\/\/www3.tuhh.de\/vpl\/kogomo\/projektpartner\/#breadcrumb\",\"itemListElement\":[{\"@type\":\"ListItem\",\"position\":1,\"name\":\"Startseite\",\"item\":\"https:\/\/www3.tuhh.de\/vpl\/kogomo\/\"},{\"@type\":\"ListItem\",\"position\":2,\"name\":\"Partner\"}]},{\"@type\":\"WebSite\",\"@id\":\"https:\/\/www3.tuhh.de\/vpl\/kogomo\/#website\",\"url\":\"https:\/\/www3.tuhh.de\/vpl\/kogomo\/\",\"name\":\"KoGoMo\",\"description\":\"St\u00e4rkung der kommunalen Governance f\u00fcr die Umsetzung von neuen Mobilit\u00e4tsangeboten in Kooperation mit privaten Anbietern\",\"potentialAction\":[{\"@type\":\"SearchAction\",\"target\":{\"@type\":\"EntryPoint\",\"urlTemplate\":\"https:\/\/www3.tuhh.de\/vpl\/kogomo\/?s={search_term_string}\"},\"query-input\":{\"@type\":\"PropertyValueSpecification\",\"valueRequired\":true,\"valueName\":\"search_term_string\"}}],\"inLanguage\":\"de\"}]}<\/script>\n<!-- \/ Yoast SEO plugin. -->","yoast_head_json":{"title":"Partner - KoGoMo","robots":{"index":"index","follow":"follow","max-snippet":"max-snippet:-1","max-image-preview":"max-image-preview:large","max-video-preview":"max-video-preview:-1"},"canonical":"https:\/\/www3.tuhh.de\/vpl\/kogomo\/projektpartner\/","og_locale":"de_DE","og_type":"article","og_title":"Partner - KoGoMo","og_description":"(alle Phasen) Verbundpartner Beh\u00f6rde f\u00fcr Verkehr und Mobilit\u00e4tswende (BVM) &#8211; Abteilung Verkehrsentwicklung (Projektkoordination) Technische Universit\u00e4t Hamburg &#8211; Institut f\u00fcr Verkehrsplanung und Logistik Bezirksamt Harburg &#8211; Fachamt Management des \u00f6ffentlichen Raumes MOIA Operations Germany GmbH cambio Hamburg CarSharing GmbH Hamburger Hochbahn AG (HHA) \u2013 Fachbereich Vertriebsplanung und Innovation Assoziierte Partner im Umsetzungsprozess Wir nehmen gerne weitere &hellip; Partner weiterlesen &rarr;","og_url":"https:\/\/www3.tuhh.de\/vpl\/kogomo\/projektpartner\/","og_site_name":"KoGoMo","article_modified_time":"2025-03-31T10:01:38+00:00","og_image":[{"width":1740,"height":591,"url":"https:\/\/www3.tuhh.de\/vpl\/kogomo\/wp-content\/uploads\/sites\/4\/2022\/04\/BVM_deu_300dpi_RGB.jpg","type":"image\/jpeg"}],"twitter_card":"summary_large_image","twitter_misc":{"Gesch\u00e4tzte Lesezeit":"2\u00a0Minuten"},"schema":{"@context":"https:\/\/schema.org","@graph":[{"@type":"WebPage","@id":"https:\/\/www3.tuhh.de\/vpl\/kogomo\/projektpartner\/","url":"https:\/\/www3.tuhh.de\/vpl\/kogomo\/projektpartner\/","name":"Partner - KoGoMo","isPartOf":{"@id":"https:\/\/www3.tuhh.de\/vpl\/kogomo\/#website"},"primaryImageOfPage":{"@id":"https:\/\/www3.tuhh.de\/vpl\/kogomo\/projektpartner\/#primaryimage"},"image":{"@id":"https:\/\/www3.tuhh.de\/vpl\/kogomo\/projektpartner\/#primaryimage"},"thumbnailUrl":"http:\/\/www3.tuhh.de\/vpl\/kogomo\/wp-content\/uploads\/sites\/4\/2022\/04\/BVM_deu_300dpi_RGB-1024x348.jpg","datePublished":"2021-09-20T11:07:16+00:00","dateModified":"2025-03-31T10:01:38+00:00","breadcrumb":{"@id":"https:\/\/www3.tuhh.de\/vpl\/kogomo\/projektpartner\/#breadcrumb"},"inLanguage":"de","potentialAction":[{"@type":"ReadAction","target":["https:\/\/www3.tuhh.de\/vpl\/kogomo\/projektpartner\/"]}]},{"@type":"ImageObject","inLanguage":"de","@id":"https:\/\/www3.tuhh.de\/vpl\/kogomo\/projektpartner\/#primaryimage","url":"https:\/\/www3.tuhh.de\/vpl\/kogomo\/wp-content\/uploads\/sites\/4\/2022\/04\/BVM_deu_300dpi_RGB.jpg","contentUrl":"https:\/\/www3.tuhh.de\/vpl\/kogomo\/wp-content\/uploads\/sites\/4\/2022\/04\/BVM_deu_300dpi_RGB.jpg","width":1740,"height":591},{"@type":"BreadcrumbList","@id":"https:\/\/www3.tuhh.de\/vpl\/kogomo\/projektpartner\/#breadcrumb","itemListElement":[{"@type":"ListItem","position":1,"name":"Startseite","item":"https:\/\/www3.tuhh.de\/vpl\/kogomo\/"},{"@type":"ListItem","position":2,"name":"Partner"}]},{"@type":"WebSite","@id":"https:\/\/www3.tuhh.de\/vpl\/kogomo\/#website","url":"https:\/\/www3.tuhh.de\/vpl\/kogomo\/","name":"KoGoMo","description":"St\u00e4rkung der kommunalen Governance f\u00fcr die Umsetzung von neuen Mobilit\u00e4tsangeboten in Kooperation mit privaten Anbietern","potentialAction":[{"@type":"SearchAction","target":{"@type":"EntryPoint","urlTemplate":"https:\/\/www3.tuhh.de\/vpl\/kogomo\/?s={search_term_string}"},"query-input":{"@type":"PropertyValueSpecification","valueRequired":true,"valueName":"search_term_string"}}],"inLanguage":"de"}]}},"_links":{"self":[{"href":"https:\/\/www3.tuhh.de\/vpl\/kogomo\/wp-json\/wp\/v2\/pages\/26","targetHints":{"allow":["GET"]}}],"collection":[{"href":"https:\/\/www3.tuhh.de\/vpl\/kogomo\/wp-json\/wp\/v2\/pages"}],"about":[{"href":"https:\/\/www3.tuhh.de\/vpl\/kogomo\/wp-json\/wp\/v2\/types\/page"}],"author":[{"embeddable":true,"href":"https:\/\/www3.tuhh.de\/vpl\/kogomo\/wp-json\/wp\/v2\/users\/1"}],"replies":[{"embeddable":true,"href":"https:\/\/www3.tuhh.de\/vpl\/kogomo\/wp-json\/wp\/v2\/comments?post=26"}],"version-history":[{"count":8,"href":"https:\/\/www3.tuhh.de\/vpl\/kogomo\/wp-json\/wp\/v2\/pages\/26\/revisions"}],"predecessor-version":[{"id":370,"href":"https:\/\/www3.tuhh.de\/vpl\/kogomo\/wp-json\/wp\/v2\/pages\/26\/revisions\/370"}],"wp:attachment":[{"href":"https:\/\/www3.tuhh.de\/vpl\/kogomo\/wp-json\/wp\/v2\/media?parent=26"}],"curies":[{"name":"wp","href":"https:\/\/api.w.org\/{rel}","templated":true}]}}