{"id":30,"date":"2021-09-20T13:08:16","date_gmt":"2021-09-20T11:08:16","guid":{"rendered":"https:\/\/www2.tuhh.de\/kogomo\/?page_id=30"},"modified":"2025-03-31T11:47:19","modified_gmt":"2025-03-31T09:47:19","slug":"kontakt","status":"publish","type":"page","link":"https:\/\/www3.tuhh.de\/vpl\/kogomo\/kontakt\/","title":{"rendered":"Kontakt"},"content":{"rendered":"\n<p><strong>Ansprechpartner:<\/strong><\/p>\n\n\n\n<p><strong>Jacqueline Maa\u00df<\/strong> (<em>Projektkoordination<\/em>)<br>Fachreferentin KoGoMo<br>Freie und Hansestadt Hamburg<br>Beh\u00f6rde f\u00fcr Verkehr und Mobilit\u00e4tswende<br>Tel.: +49 (40) 428 41-3347<br>E-Mail:  <a href=\"mailto:jacqueline.maass@bvm.hamburg.de\">jacqueline.maass@bvm.hamburg.de<\/a><\/p>\n\n\n\n<p><strong>Adam Gancarczyk<\/strong> (<em>Koordination Reallabor in Harburg<\/em>)<br>Bezirksamt Harburg<br>Tel.: +49 (40) 428 71 &#8211; 3317<br>E-Fax: +49 (40) 4 27 90 &#8211; 71 20<br>E-Mail: <a href=\"mailto:adam.gancarczyk@harburg.hamburg.de\">adam.gancarczyk@harburg.hamburg.de<\/a><\/p>\n\n\n\n<p><strong>Julia Matullat <\/strong>(<em>Evaluation<\/em>)<br>Institut f\u00fcr Verkehrsplanung und Logistik<br>Technische Universit\u00e4t Hamburg<br>Tel.: +49 (40) 428 78 \u2013 3728<br>E-Mail: <a href=\"mailto:julia.matullat@tuhh.de\">julia.matullat@tuhh.de<\/a><\/p>\n","protected":false},"excerpt":{"rendered":"<p>Ansprechpartner: Jacqueline Maa\u00df (Projektkoordination)Fachreferentin KoGoMoFreie und Hansestadt HamburgBeh\u00f6rde f\u00fcr Verkehr und Mobilit\u00e4tswendeTel.: +49 (40) 428 41-3347E-Mail: jacqueline.maass@bvm.hamburg.de Adam Gancarczyk (Koordination Reallabor in Harburg)Bezirksamt HarburgTel.: +49 (40) 428 71 &#8211; 3317E-Fax: +49 (40) 4 27 90 &#8211; 71 20E-Mail: adam.gancarczyk@harburg.hamburg.de Julia Matullat (Evaluation)Institut f\u00fcr Verkehrsplanung und LogistikTechnische Universit\u00e4t HamburgTel.: +49 (40) 428 78 \u2013 3728E-Mail: julia.matullat@tuhh.de<\/p>\n","protected":false},"author":1,"featured_media":0,"parent":0,"menu_order":0,"comment_status":"closed","ping_status":"closed","template":"","meta":{"footnotes":""},"class_list":["post-30","page","type-page","status-publish","hentry"],"yoast_head":"<!-- This site is optimized with the Yoast SEO plugin v26.9 - https:\/\/yoast.com\/product\/yoast-seo-wordpress\/ -->\n<title>Kontakt - KoGoMo<\/title>\n<meta name=\"robots\" content=\"index, follow, max-snippet:-1, max-image-preview:large, max-video-preview:-1\" \/>\n<link rel=\"canonical\" href=\"https:\/\/www3.tuhh.de\/vpl\/kogomo\/kontakt\/\" \/>\n<meta property=\"og:locale\" content=\"de_DE\" \/>\n<meta property=\"og:type\" content=\"article\" \/>\n<meta property=\"og:title\" content=\"Kontakt - KoGoMo\" \/>\n<meta property=\"og:description\" content=\"Ansprechpartner: Jacqueline Maa\u00df (Projektkoordination)Fachreferentin KoGoMoFreie und Hansestadt HamburgBeh\u00f6rde f\u00fcr Verkehr und Mobilit\u00e4tswendeTel.: +49 (40) 428 41-3347E-Mail: jacqueline.maass@bvm.hamburg.de Adam Gancarczyk (Koordination Reallabor in Harburg)Bezirksamt HarburgTel.: +49 (40) 428 71 &#8211; 3317E-Fax: +49 (40) 4 27 90 &#8211; 71 20E-Mail: adam.gancarczyk@harburg.hamburg.de Julia Matullat (Evaluation)Institut f\u00fcr Verkehrsplanung und LogistikTechnische Universit\u00e4t HamburgTel.: +49 (40) 428 78 \u2013 3728E-Mail: julia.matullat@tuhh.de\" \/>\n<meta property=\"og:url\" content=\"https:\/\/www3.tuhh.de\/vpl\/kogomo\/kontakt\/\" \/>\n<meta property=\"og:site_name\" content=\"KoGoMo\" \/>\n<meta property=\"article:modified_time\" content=\"2025-03-31T09:47:19+00:00\" \/>\n<meta name=\"twitter:card\" content=\"summary_large_image\" \/>\n<meta name=\"twitter:label1\" content=\"Gesch\u00e4tzte Lesezeit\" \/>\n\t<meta name=\"twitter:data1\" content=\"1\u00a0Minute\" \/>\n<script type=\"application\/ld+json\" class=\"yoast-schema-graph\">{\"@context\":\"https:\/\/schema.org\",\"@graph\":[{\"@type\":\"WebPage\",\"@id\":\"https:\/\/www3.tuhh.de\/vpl\/kogomo\/kontakt\/\",\"url\":\"https:\/\/www3.tuhh.de\/vpl\/kogomo\/kontakt\/\",\"name\":\"Kontakt - KoGoMo\",\"isPartOf\":{\"@id\":\"https:\/\/www3.tuhh.de\/vpl\/kogomo\/#website\"},\"datePublished\":\"2021-09-20T11:08:16+00:00\",\"dateModified\":\"2025-03-31T09:47:19+00:00\",\"breadcrumb\":{\"@id\":\"https:\/\/www3.tuhh.de\/vpl\/kogomo\/kontakt\/#breadcrumb\"},\"inLanguage\":\"de\",\"potentialAction\":[{\"@type\":\"ReadAction\",\"target\":[\"https:\/\/www3.tuhh.de\/vpl\/kogomo\/kontakt\/\"]}]},{\"@type\":\"BreadcrumbList\",\"@id\":\"https:\/\/www3.tuhh.de\/vpl\/kogomo\/kontakt\/#breadcrumb\",\"itemListElement\":[{\"@type\":\"ListItem\",\"position\":1,\"name\":\"Startseite\",\"item\":\"https:\/\/www3.tuhh.de\/vpl\/kogomo\/\"},{\"@type\":\"ListItem\",\"position\":2,\"name\":\"Kontakt\"}]},{\"@type\":\"WebSite\",\"@id\":\"https:\/\/www3.tuhh.de\/vpl\/kogomo\/#website\",\"url\":\"https:\/\/www3.tuhh.de\/vpl\/kogomo\/\",\"name\":\"KoGoMo\",\"description\":\"St\u00e4rkung der kommunalen Governance f\u00fcr die Umsetzung von neuen Mobilit\u00e4tsangeboten in Kooperation mit privaten Anbietern\",\"potentialAction\":[{\"@type\":\"SearchAction\",\"target\":{\"@type\":\"EntryPoint\",\"urlTemplate\":\"https:\/\/www3.tuhh.de\/vpl\/kogomo\/?s={search_term_string}\"},\"query-input\":{\"@type\":\"PropertyValueSpecification\",\"valueRequired\":true,\"valueName\":\"search_term_string\"}}],\"inLanguage\":\"de\"}]}<\/script>\n<!-- \/ Yoast SEO plugin. -->","yoast_head_json":{"title":"Kontakt - KoGoMo","robots":{"index":"index","follow":"follow","max-snippet":"max-snippet:-1","max-image-preview":"max-image-preview:large","max-video-preview":"max-video-preview:-1"},"canonical":"https:\/\/www3.tuhh.de\/vpl\/kogomo\/kontakt\/","og_locale":"de_DE","og_type":"article","og_title":"Kontakt - KoGoMo","og_description":"Ansprechpartner: Jacqueline Maa\u00df (Projektkoordination)Fachreferentin KoGoMoFreie und Hansestadt HamburgBeh\u00f6rde f\u00fcr Verkehr und Mobilit\u00e4tswendeTel.: +49 (40) 428 41-3347E-Mail: jacqueline.maass@bvm.hamburg.de Adam Gancarczyk (Koordination Reallabor in Harburg)Bezirksamt HarburgTel.: +49 (40) 428 71 &#8211; 3317E-Fax: +49 (40) 4 27 90 &#8211; 71 20E-Mail: adam.gancarczyk@harburg.hamburg.de Julia Matullat (Evaluation)Institut f\u00fcr Verkehrsplanung und LogistikTechnische Universit\u00e4t HamburgTel.: +49 (40) 428 78 \u2013 3728E-Mail: julia.matullat@tuhh.de","og_url":"https:\/\/www3.tuhh.de\/vpl\/kogomo\/kontakt\/","og_site_name":"KoGoMo","article_modified_time":"2025-03-31T09:47:19+00:00","twitter_card":"summary_large_image","twitter_misc":{"Gesch\u00e4tzte Lesezeit":"1\u00a0Minute"},"schema":{"@context":"https:\/\/schema.org","@graph":[{"@type":"WebPage","@id":"https:\/\/www3.tuhh.de\/vpl\/kogomo\/kontakt\/","url":"https:\/\/www3.tuhh.de\/vpl\/kogomo\/kontakt\/","name":"Kontakt - KoGoMo","isPartOf":{"@id":"https:\/\/www3.tuhh.de\/vpl\/kogomo\/#website"},"datePublished":"2021-09-20T11:08:16+00:00","dateModified":"2025-03-31T09:47:19+00:00","breadcrumb":{"@id":"https:\/\/www3.tuhh.de\/vpl\/kogomo\/kontakt\/#breadcrumb"},"inLanguage":"de","potentialAction":[{"@type":"ReadAction","target":["https:\/\/www3.tuhh.de\/vpl\/kogomo\/kontakt\/"]}]},{"@type":"BreadcrumbList","@id":"https:\/\/www3.tuhh.de\/vpl\/kogomo\/kontakt\/#breadcrumb","itemListElement":[{"@type":"ListItem","position":1,"name":"Startseite","item":"https:\/\/www3.tuhh.de\/vpl\/kogomo\/"},{"@type":"ListItem","position":2,"name":"Kontakt"}]},{"@type":"WebSite","@id":"https:\/\/www3.tuhh.de\/vpl\/kogomo\/#website","url":"https:\/\/www3.tuhh.de\/vpl\/kogomo\/","name":"KoGoMo","description":"St\u00e4rkung der kommunalen Governance f\u00fcr die Umsetzung von neuen Mobilit\u00e4tsangeboten in Kooperation mit privaten Anbietern","potentialAction":[{"@type":"SearchAction","target":{"@type":"EntryPoint","urlTemplate":"https:\/\/www3.tuhh.de\/vpl\/kogomo\/?s={search_term_string}"},"query-input":{"@type":"PropertyValueSpecification","valueRequired":true,"valueName":"search_term_string"}}],"inLanguage":"de"}]}},"_links":{"self":[{"href":"https:\/\/www3.tuhh.de\/vpl\/kogomo\/wp-json\/wp\/v2\/pages\/30","targetHints":{"allow":["GET"]}}],"collection":[{"href":"https:\/\/www3.tuhh.de\/vpl\/kogomo\/wp-json\/wp\/v2\/pages"}],"about":[{"href":"https:\/\/www3.tuhh.de\/vpl\/kogomo\/wp-json\/wp\/v2\/types\/page"}],"author":[{"embeddable":true,"href":"https:\/\/www3.tuhh.de\/vpl\/kogomo\/wp-json\/wp\/v2\/users\/1"}],"replies":[{"embeddable":true,"href":"https:\/\/www3.tuhh.de\/vpl\/kogomo\/wp-json\/wp\/v2\/comments?post=30"}],"version-history":[{"count":3,"href":"https:\/\/www3.tuhh.de\/vpl\/kogomo\/wp-json\/wp\/v2\/pages\/30\/revisions"}],"predecessor-version":[{"id":367,"href":"https:\/\/www3.tuhh.de\/vpl\/kogomo\/wp-json\/wp\/v2\/pages\/30\/revisions\/367"}],"wp:attachment":[{"href":"https:\/\/www3.tuhh.de\/vpl\/kogomo\/wp-json\/wp\/v2\/media?parent=30"}],"curies":[{"name":"wp","href":"https:\/\/api.w.org\/{rel}","templated":true}]}}