{"id":373,"date":"2025-06-04T10:30:30","date_gmt":"2025-06-04T08:30:30","guid":{"rendered":"https:\/\/www3.tuhh.de\/vpl\/kogomo\/?page_id=373"},"modified":"2025-06-04T14:02:29","modified_gmt":"2025-06-04T12:02:29","slug":"lastenrad-verleih","status":"publish","type":"page","link":"https:\/\/www3.tuhh.de\/vpl\/kogomo\/lastenrad-verleih\/","title":{"rendered":"Lastenrad-Verleih"},"content":{"rendered":"\n<div class=\"wp-block-media-text alignwide is-stacked-on-mobile has-off-white-background-color has-background\"><figure class=\"wp-block-media-text__media\"><img loading=\"lazy\" decoding=\"async\" width=\"1024\" height=\"576\" src=\"http:\/\/www3.tuhh.de\/vpl\/kogomo\/wp-content\/uploads\/sites\/4\/2025\/06\/Lademeister_Tyll_Diebold-1024x576.jpg\" alt=\"Lademeister_Tyll_Diebold\" class=\"wp-image-374 size-full\" srcset=\"https:\/\/www3.tuhh.de\/vpl\/kogomo\/wp-content\/uploads\/sites\/4\/2025\/06\/Lademeister_Tyll_Diebold-1024x576.jpg 1024w, https:\/\/www3.tuhh.de\/vpl\/kogomo\/wp-content\/uploads\/sites\/4\/2025\/06\/Lademeister_Tyll_Diebold-300x169.jpg 300w, https:\/\/www3.tuhh.de\/vpl\/kogomo\/wp-content\/uploads\/sites\/4\/2025\/06\/Lademeister_Tyll_Diebold-768x432.jpg 768w, https:\/\/www3.tuhh.de\/vpl\/kogomo\/wp-content\/uploads\/sites\/4\/2025\/06\/Lademeister_Tyll_Diebold.jpg 1386w\" sizes=\"auto, (max-width: 1024px) 100vw, 1024px\" \/><\/figure><div class=\"wp-block-media-text__content\">\n<h2 class=\"wp-block-heading\"><strong>Erz\u00e4hlen Sie uns <\/strong><br><strong>von Ihrer Fahrt!<\/strong><\/h2>\n\n\n\n<p class=\"has-dark-gray-color has-text-color has-link-color wp-elements-6ad5f6fe5177049f85a2ca270c841fe7\">Wenn Sie Ihre Tour im Rahmen Ihrer selbstst\u00e4ndigen Arbeit, Ihrer Anstellung, Ihrem Ehrenamt, Verbands- oder Vereinsarbeit, Ihrem Forschungsvorhaben oder sonstigen nicht ausschlie\u00dflich privaten T\u00e4tigkeiten unternommen haben, w\u00fcrden wir gerne mehr dar\u00fcber erfahren. Wenn Sie sich vorstellen k\u00f6nnen, uns f\u00fcr unsere Forschung ein Interview zu geben, kontaktieren Sie uns bitte per E-Mail an: <a href=\"mailto:reallabor.mobilitaet@tuhh.de\">reallabor.mobilitaet@tuhh.de<\/a>.<\/p>\n\n\n\n<p class=\"has-light-orange-color has-text-color has-link-color wp-elements-1e5a3b12bdc8a333d007e232107f2ef8\">Der \u201eLademeister\u201c kostet nur 1 Euro in der Stunde (Foto: Tyll Diebold).<\/p>\n\n\n\n<div class=\"wp-block-buttons is-layout-flex wp-block-buttons-is-layout-flex\">\n<div class=\"wp-block-button\"><a class=\"wp-block-button__link wp-element-button\" href=\"mailto:reallabor.mobilitaet@tuhh.de\">Mehr entdecken<\/a><\/div>\n<\/div>\n<\/div><\/div>\n\n\n\n<p><strong>Das haben Sie davon! <\/strong>Bei KoGoMo geht es um die Einf\u00fchrung, Verbreitung, Verstetigung und Evaluation von neuen Mobilit\u00e4tsangeboten in Harburg und am Stadtrand allgemein. F\u00fcr Sie bedeutet das: Carsharing wird in Harburg immer besser verf\u00fcgbar und es gibt immer mehr hvv switch Punkte in Ihrer N\u00e4he.&nbsp; Dar\u00fcber hinaus k\u00f6nnen Sie unkompliziert und g\u00fcnstig verschiedene Lastenr\u00e4der ausleihen.<\/p>\n\n\n\n<p><strong>Probieren Sie es aus!<\/strong> Die Lastenr\u00e4der k\u00f6nnen Sie bei Bakkie in der Knoopstra\u00dfe 5 (S Harburg Rathaus) ausleihen. Die Buchung der Lastenr\u00e4der ist einfach, g\u00fcnstig und meist spontan m\u00f6glich. Sie erfolgt online unter folgendem Link: <br><a href=\"https:\/\/www.bakkie.de\/index.php\/verleih\/\" target=\"_blank\" rel=\"noreferrer noopener\">https:\/\/www.bakkie.de\/index.php\/verleih\/<\/a><\/p>\n\n\n\n<p><strong>Entdecken Sie die Vielfalt!<\/strong> Die verschiedenen Lastenr\u00e4der haben unterschiedliche St\u00e4rken. Zum Beispiel unser \u201eLademeister\u201c bietet mit 2,17 m\u00b3 Volumen und 210 kg Nutzlast Platz f\u00fcr eine beladene Europalette: <a href=\"https:\/\/www.bakkie.de\/index.php\/product\/tricargo-lademeister-lastenrad-konfigurierbar\/\" target=\"_blank\" rel=\"noreferrer noopener\">https:\/\/www.bakkie.de\/index.php\/product\/tricargo-lademeister-lastenrad-konfigurierbar\/<\/a><\/p>\n\n\n\n<p><strong>Geben Sie uns Feedback!<\/strong> Bei Bakkie liegen kurze Frageb\u00f6gen aus. Wenn Sie von Ihrer Tour mit dem ausgeliehenen Lastenrad zur\u00fcckkehren, f\u00fcllen Sie gerne einen davon aus und geben ihn an die Mitarbeiter:innen.<\/p>\n\n\n\n<p><strong>Unterst\u00fctzen Sie uns!<\/strong> Mit Ihren Erfahrungen und Ihrer Meinung leisten Sie einen wertvollen Beitrag f\u00fcr die Weiterentwicklung der Mobilit\u00e4t in Harburg und anderswo! Bitte f\u00fcllen Sie den Fragebogen aus und melden Sie sich bei uns f\u00fcr ein Interview!<\/p>\n\n\n\n<p><strong>Wir nehmen Datenschutz ernst! <\/strong>Ihre Daten werden von uns mit gr\u00f6\u00dfter Sorgfalt behandelt. Sie werden nicht an Dritte weitergegeben und nach der Auswertung gel\u00f6scht. Ein R\u00fcckschluss auf Ihre Person ist ausgeschlossen.<\/p>\n","protected":false},"excerpt":{"rendered":"<p>Das haben Sie davon! Bei KoGoMo geht es um die Einf\u00fchrung, Verbreitung, Verstetigung und Evaluation von neuen Mobilit\u00e4tsangeboten in Harburg und am Stadtrand allgemein. F\u00fcr Sie bedeutet das: Carsharing wird in Harburg immer besser verf\u00fcgbar und es gibt immer mehr hvv switch Punkte in Ihrer N\u00e4he.&nbsp; Dar\u00fcber hinaus k\u00f6nnen Sie unkompliziert und g\u00fcnstig verschiedene Lastenr\u00e4der &hellip; <a href=\"https:\/\/www3.tuhh.de\/vpl\/kogomo\/lastenrad-verleih\/\" class=\"more-link\"><span class=\"screen-reader-text\">Lastenrad-Verleih<\/span> weiterlesen <span class=\"meta-nav\">&rarr;<\/span><\/a><\/p>\n","protected":false},"author":4,"featured_media":0,"parent":0,"menu_order":0,"comment_status":"closed","ping_status":"closed","template":"","meta":{"footnotes":""},"class_list":["post-373","page","type-page","status-publish","hentry"],"yoast_head":"<!-- This site is optimized with the Yoast SEO plugin v26.9 - https:\/\/yoast.com\/product\/yoast-seo-wordpress\/ -->\n<title>Lastenrad-Verleih - KoGoMo<\/title>\n<meta name=\"robots\" content=\"index, follow, max-snippet:-1, max-image-preview:large, max-video-preview:-1\" \/>\n<link rel=\"canonical\" href=\"https:\/\/www3.tuhh.de\/vpl\/kogomo\/lastenrad-verleih\/\" \/>\n<meta property=\"og:locale\" content=\"de_DE\" \/>\n<meta property=\"og:type\" content=\"article\" \/>\n<meta property=\"og:title\" content=\"Lastenrad-Verleih - KoGoMo\" \/>\n<meta property=\"og:description\" content=\"Das haben Sie davon! Bei KoGoMo geht es um die Einf\u00fchrung, Verbreitung, Verstetigung und Evaluation von neuen Mobilit\u00e4tsangeboten in Harburg und am Stadtrand allgemein. F\u00fcr Sie bedeutet das: Carsharing wird in Harburg immer besser verf\u00fcgbar und es gibt immer mehr hvv switch Punkte in Ihrer N\u00e4he.&nbsp; Dar\u00fcber hinaus k\u00f6nnen Sie unkompliziert und g\u00fcnstig verschiedene Lastenr\u00e4der &hellip; Lastenrad-Verleih weiterlesen &rarr;\" \/>\n<meta property=\"og:url\" content=\"https:\/\/www3.tuhh.de\/vpl\/kogomo\/lastenrad-verleih\/\" \/>\n<meta property=\"og:site_name\" content=\"KoGoMo\" \/>\n<meta property=\"article:modified_time\" content=\"2025-06-04T12:02:29+00:00\" \/>\n<meta property=\"og:image\" content=\"https:\/\/www3.tuhh.de\/vpl\/kogomo\/wp-content\/uploads\/sites\/4\/2025\/06\/Lademeister_Tyll_Diebold.jpg\" \/>\n\t<meta property=\"og:image:width\" content=\"1386\" \/>\n\t<meta property=\"og:image:height\" content=\"780\" \/>\n\t<meta property=\"og:image:type\" content=\"image\/jpeg\" \/>\n<meta name=\"twitter:card\" content=\"summary_large_image\" \/>\n<meta name=\"twitter:label1\" content=\"Gesch\u00e4tzte Lesezeit\" \/>\n\t<meta name=\"twitter:data1\" content=\"2\u00a0Minuten\" \/>\n<script type=\"application\/ld+json\" class=\"yoast-schema-graph\">{\"@context\":\"https:\/\/schema.org\",\"@graph\":[{\"@type\":\"WebPage\",\"@id\":\"https:\/\/www3.tuhh.de\/vpl\/kogomo\/lastenrad-verleih\/\",\"url\":\"https:\/\/www3.tuhh.de\/vpl\/kogomo\/lastenrad-verleih\/\",\"name\":\"Lastenrad-Verleih - KoGoMo\",\"isPartOf\":{\"@id\":\"https:\/\/www3.tuhh.de\/vpl\/kogomo\/#website\"},\"primaryImageOfPage\":{\"@id\":\"https:\/\/www3.tuhh.de\/vpl\/kogomo\/lastenrad-verleih\/#primaryimage\"},\"image\":{\"@id\":\"https:\/\/www3.tuhh.de\/vpl\/kogomo\/lastenrad-verleih\/#primaryimage\"},\"thumbnailUrl\":\"http:\/\/www3.tuhh.de\/vpl\/kogomo\/wp-content\/uploads\/sites\/4\/2025\/06\/Lademeister_Tyll_Diebold-1024x576.jpg\",\"datePublished\":\"2025-06-04T08:30:30+00:00\",\"dateModified\":\"2025-06-04T12:02:29+00:00\",\"breadcrumb\":{\"@id\":\"https:\/\/www3.tuhh.de\/vpl\/kogomo\/lastenrad-verleih\/#breadcrumb\"},\"inLanguage\":\"de\",\"potentialAction\":[{\"@type\":\"ReadAction\",\"target\":[\"https:\/\/www3.tuhh.de\/vpl\/kogomo\/lastenrad-verleih\/\"]}]},{\"@type\":\"ImageObject\",\"inLanguage\":\"de\",\"@id\":\"https:\/\/www3.tuhh.de\/vpl\/kogomo\/lastenrad-verleih\/#primaryimage\",\"url\":\"https:\/\/www3.tuhh.de\/vpl\/kogomo\/wp-content\/uploads\/sites\/4\/2025\/06\/Lademeister_Tyll_Diebold.jpg\",\"contentUrl\":\"https:\/\/www3.tuhh.de\/vpl\/kogomo\/wp-content\/uploads\/sites\/4\/2025\/06\/Lademeister_Tyll_Diebold.jpg\",\"width\":1386,\"height\":780,\"caption\":\"Lademeister_Tyll_Diebold\"},{\"@type\":\"BreadcrumbList\",\"@id\":\"https:\/\/www3.tuhh.de\/vpl\/kogomo\/lastenrad-verleih\/#breadcrumb\",\"itemListElement\":[{\"@type\":\"ListItem\",\"position\":1,\"name\":\"Startseite\",\"item\":\"https:\/\/www3.tuhh.de\/vpl\/kogomo\/\"},{\"@type\":\"ListItem\",\"position\":2,\"name\":\"Lastenrad-Verleih\"}]},{\"@type\":\"WebSite\",\"@id\":\"https:\/\/www3.tuhh.de\/vpl\/kogomo\/#website\",\"url\":\"https:\/\/www3.tuhh.de\/vpl\/kogomo\/\",\"name\":\"KoGoMo\",\"description\":\"St\u00e4rkung der kommunalen Governance f\u00fcr die Umsetzung von neuen Mobilit\u00e4tsangeboten in Kooperation mit privaten Anbietern\",\"potentialAction\":[{\"@type\":\"SearchAction\",\"target\":{\"@type\":\"EntryPoint\",\"urlTemplate\":\"https:\/\/www3.tuhh.de\/vpl\/kogomo\/?s={search_term_string}\"},\"query-input\":{\"@type\":\"PropertyValueSpecification\",\"valueRequired\":true,\"valueName\":\"search_term_string\"}}],\"inLanguage\":\"de\"}]}<\/script>\n<!-- \/ Yoast SEO plugin. -->","yoast_head_json":{"title":"Lastenrad-Verleih - KoGoMo","robots":{"index":"index","follow":"follow","max-snippet":"max-snippet:-1","max-image-preview":"max-image-preview:large","max-video-preview":"max-video-preview:-1"},"canonical":"https:\/\/www3.tuhh.de\/vpl\/kogomo\/lastenrad-verleih\/","og_locale":"de_DE","og_type":"article","og_title":"Lastenrad-Verleih - KoGoMo","og_description":"Das haben Sie davon! Bei KoGoMo geht es um die Einf\u00fchrung, Verbreitung, Verstetigung und Evaluation von neuen Mobilit\u00e4tsangeboten in Harburg und am Stadtrand allgemein. F\u00fcr Sie bedeutet das: Carsharing wird in Harburg immer besser verf\u00fcgbar und es gibt immer mehr hvv switch Punkte in Ihrer N\u00e4he.&nbsp; Dar\u00fcber hinaus k\u00f6nnen Sie unkompliziert und g\u00fcnstig verschiedene Lastenr\u00e4der &hellip; Lastenrad-Verleih weiterlesen &rarr;","og_url":"https:\/\/www3.tuhh.de\/vpl\/kogomo\/lastenrad-verleih\/","og_site_name":"KoGoMo","article_modified_time":"2025-06-04T12:02:29+00:00","og_image":[{"width":1386,"height":780,"url":"https:\/\/www3.tuhh.de\/vpl\/kogomo\/wp-content\/uploads\/sites\/4\/2025\/06\/Lademeister_Tyll_Diebold.jpg","type":"image\/jpeg"}],"twitter_card":"summary_large_image","twitter_misc":{"Gesch\u00e4tzte Lesezeit":"2\u00a0Minuten"},"schema":{"@context":"https:\/\/schema.org","@graph":[{"@type":"WebPage","@id":"https:\/\/www3.tuhh.de\/vpl\/kogomo\/lastenrad-verleih\/","url":"https:\/\/www3.tuhh.de\/vpl\/kogomo\/lastenrad-verleih\/","name":"Lastenrad-Verleih - KoGoMo","isPartOf":{"@id":"https:\/\/www3.tuhh.de\/vpl\/kogomo\/#website"},"primaryImageOfPage":{"@id":"https:\/\/www3.tuhh.de\/vpl\/kogomo\/lastenrad-verleih\/#primaryimage"},"image":{"@id":"https:\/\/www3.tuhh.de\/vpl\/kogomo\/lastenrad-verleih\/#primaryimage"},"thumbnailUrl":"http:\/\/www3.tuhh.de\/vpl\/kogomo\/wp-content\/uploads\/sites\/4\/2025\/06\/Lademeister_Tyll_Diebold-1024x576.jpg","datePublished":"2025-06-04T08:30:30+00:00","dateModified":"2025-06-04T12:02:29+00:00","breadcrumb":{"@id":"https:\/\/www3.tuhh.de\/vpl\/kogomo\/lastenrad-verleih\/#breadcrumb"},"inLanguage":"de","potentialAction":[{"@type":"ReadAction","target":["https:\/\/www3.tuhh.de\/vpl\/kogomo\/lastenrad-verleih\/"]}]},{"@type":"ImageObject","inLanguage":"de","@id":"https:\/\/www3.tuhh.de\/vpl\/kogomo\/lastenrad-verleih\/#primaryimage","url":"https:\/\/www3.tuhh.de\/vpl\/kogomo\/wp-content\/uploads\/sites\/4\/2025\/06\/Lademeister_Tyll_Diebold.jpg","contentUrl":"https:\/\/www3.tuhh.de\/vpl\/kogomo\/wp-content\/uploads\/sites\/4\/2025\/06\/Lademeister_Tyll_Diebold.jpg","width":1386,"height":780,"caption":"Lademeister_Tyll_Diebold"},{"@type":"BreadcrumbList","@id":"https:\/\/www3.tuhh.de\/vpl\/kogomo\/lastenrad-verleih\/#breadcrumb","itemListElement":[{"@type":"ListItem","position":1,"name":"Startseite","item":"https:\/\/www3.tuhh.de\/vpl\/kogomo\/"},{"@type":"ListItem","position":2,"name":"Lastenrad-Verleih"}]},{"@type":"WebSite","@id":"https:\/\/www3.tuhh.de\/vpl\/kogomo\/#website","url":"https:\/\/www3.tuhh.de\/vpl\/kogomo\/","name":"KoGoMo","description":"St\u00e4rkung der kommunalen Governance f\u00fcr die Umsetzung von neuen Mobilit\u00e4tsangeboten in Kooperation mit privaten Anbietern","potentialAction":[{"@type":"SearchAction","target":{"@type":"EntryPoint","urlTemplate":"https:\/\/www3.tuhh.de\/vpl\/kogomo\/?s={search_term_string}"},"query-input":{"@type":"PropertyValueSpecification","valueRequired":true,"valueName":"search_term_string"}}],"inLanguage":"de"}]}},"_links":{"self":[{"href":"https:\/\/www3.tuhh.de\/vpl\/kogomo\/wp-json\/wp\/v2\/pages\/373","targetHints":{"allow":["GET"]}}],"collection":[{"href":"https:\/\/www3.tuhh.de\/vpl\/kogomo\/wp-json\/wp\/v2\/pages"}],"about":[{"href":"https:\/\/www3.tuhh.de\/vpl\/kogomo\/wp-json\/wp\/v2\/types\/page"}],"author":[{"embeddable":true,"href":"https:\/\/www3.tuhh.de\/vpl\/kogomo\/wp-json\/wp\/v2\/users\/4"}],"replies":[{"embeddable":true,"href":"https:\/\/www3.tuhh.de\/vpl\/kogomo\/wp-json\/wp\/v2\/comments?post=373"}],"version-history":[{"count":18,"href":"https:\/\/www3.tuhh.de\/vpl\/kogomo\/wp-json\/wp\/v2\/pages\/373\/revisions"}],"predecessor-version":[{"id":402,"href":"https:\/\/www3.tuhh.de\/vpl\/kogomo\/wp-json\/wp\/v2\/pages\/373\/revisions\/402"}],"wp:attachment":[{"href":"https:\/\/www3.tuhh.de\/vpl\/kogomo\/wp-json\/wp\/v2\/media?parent=373"}],"curies":[{"name":"wp","href":"https:\/\/api.w.org\/{rel}","templated":true}]}}