{"id":193,"date":"2022-11-15T11:18:11","date_gmt":"2022-11-15T10:18:11","guid":{"rendered":"https:\/\/www2.tuhh.de\/pushundpull\/?page_id=193"},"modified":"2022-11-15T11:18:11","modified_gmt":"2022-11-15T10:18:11","slug":"auftaktveranstaltung","status":"publish","type":"page","link":"https:\/\/www3.tuhh.de\/vpl\/pushundpull\/auftaktveranstaltung\/","title":{"rendered":"Auftaktveranstaltung"},"content":{"rendered":"\n<p>Vom 28.09.2022 bis zum 30.09.2022 fand sich das Projektteam f\u00fcr einen dreit\u00e4gigen Workshop im Bildungs- und Tagungshaus Elsa Br\u00e4ndstr\u00f6m in Hamburg, Blankenese zusammen. Gemeinsam wurde am Forschungsprojekt gearbeitet, bisherige Arbeitsergebnisse diskutiert und reflektiert sowie Grundsteine f\u00fcr das weitere Vorgehen gelegt. <\/p>\n\n\n\n<figure class=\"wp-block-image size-large\"><img loading=\"lazy\" decoding=\"async\" width=\"1024\" height=\"768\" src=\"http:\/\/www3.tuhh.de\/vpl\/pushundpull\/wp-content\/uploads\/sites\/2\/2022\/10\/IMG_0078-1024x768.jpg\" alt=\"Das Team des Forschungsprojekts vor dem Elsa Br\u00e4ndstr\u00f6m Haus     \u00a9 Oliver Schwedes\" class=\"wp-image-986\" srcset=\"https:\/\/www3.tuhh.de\/vpl\/pushundpull\/wp-content\/uploads\/sites\/2\/2022\/10\/IMG_0078-1024x768.jpg 1024w, https:\/\/www3.tuhh.de\/vpl\/pushundpull\/wp-content\/uploads\/sites\/2\/2022\/10\/IMG_0078-300x225.jpg 300w, https:\/\/www3.tuhh.de\/vpl\/pushundpull\/wp-content\/uploads\/sites\/2\/2022\/10\/IMG_0078-768x576.jpg 768w, https:\/\/www3.tuhh.de\/vpl\/pushundpull\/wp-content\/uploads\/sites\/2\/2022\/10\/IMG_0078-1536x1152.jpg 1536w, https:\/\/www3.tuhh.de\/vpl\/pushundpull\/wp-content\/uploads\/sites\/2\/2022\/10\/IMG_0078-1200x900.jpg 1200w, https:\/\/www3.tuhh.de\/vpl\/pushundpull\/wp-content\/uploads\/sites\/2\/2022\/10\/IMG_0078-1980x1485.jpg 1980w, https:\/\/www3.tuhh.de\/vpl\/pushundpull\/wp-content\/uploads\/sites\/2\/2022\/10\/IMG_0078.jpg 2048w\" sizes=\"auto, (max-width: 1024px) 100vw, 1024px\" \/><figcaption> Das Team des Forschungsprojekts vor dem Elsa Br\u00e4ndstr\u00f6m Haus    <br>\u00a9 Oliver Schwedes <\/figcaption><\/figure>\n\n\n\n<p> 13.10.2022 <em>von Martina Hekler und Leonie Dittrich<\/em><\/p>\n","protected":false},"excerpt":{"rendered":"<p>Vom 28.09.2022 bis zum 30.09.2022 fand sich das Projektteam f\u00fcr einen dreit\u00e4gigen Workshop im Bildungs- und Tagungshaus Elsa Br\u00e4ndstr\u00f6m in Hamburg, Blankenese zusammen. Gemeinsam wurde am Forschungsprojekt gearbeitet, bisherige Arbeitsergebnisse diskutiert und reflektiert sowie Grundsteine f\u00fcr das weitere Vorgehen gelegt. 13.10.2022 von Martina Hekler und Leonie Dittrich<\/p>\n","protected":false},"author":1,"featured_media":0,"parent":0,"menu_order":0,"comment_status":"closed","ping_status":"closed","template":"","meta":{"footnotes":""},"class_list":["post-193","page","type-page","status-publish","hentry"],"yoast_head":"<!-- This site is optimized with the Yoast SEO plugin v26.9 - https:\/\/yoast.com\/product\/yoast-seo-wordpress\/ -->\n<title>Auftaktveranstaltung - Push &amp; Pull - B\u00f6se &amp; Gut<\/title>\n<meta name=\"robots\" content=\"index, follow, max-snippet:-1, max-image-preview:large, max-video-preview:-1\" \/>\n<link rel=\"canonical\" href=\"https:\/\/www3.tuhh.de\/vpl\/pushundpull\/auftaktveranstaltung\/\" \/>\n<meta property=\"og:locale\" content=\"de_DE\" \/>\n<meta property=\"og:type\" content=\"article\" \/>\n<meta property=\"og:title\" content=\"Auftaktveranstaltung - Push &amp; Pull - B\u00f6se &amp; Gut\" \/>\n<meta property=\"og:description\" content=\"Vom 28.09.2022 bis zum 30.09.2022 fand sich das Projektteam f\u00fcr einen dreit\u00e4gigen Workshop im Bildungs- und Tagungshaus Elsa Br\u00e4ndstr\u00f6m in Hamburg, Blankenese zusammen. Gemeinsam wurde am Forschungsprojekt gearbeitet, bisherige Arbeitsergebnisse diskutiert und reflektiert sowie Grundsteine f\u00fcr das weitere Vorgehen gelegt. 13.10.2022 von Martina Hekler und Leonie Dittrich\" \/>\n<meta property=\"og:url\" content=\"https:\/\/www3.tuhh.de\/vpl\/pushundpull\/auftaktveranstaltung\/\" \/>\n<meta property=\"og:site_name\" content=\"Push &amp; Pull - B\u00f6se &amp; Gut\" \/>\n<meta property=\"og:image\" content=\"http:\/\/www3.tuhh.de\/vpl\/pushundpull\/wp-content\/uploads\/sites\/2\/2022\/10\/IMG_0078-1024x768.jpg\" \/>\n<meta name=\"twitter:card\" content=\"summary_large_image\" \/>\n<script type=\"application\/ld+json\" class=\"yoast-schema-graph\">{\"@context\":\"https:\/\/schema.org\",\"@graph\":[{\"@type\":\"WebPage\",\"@id\":\"https:\/\/www3.tuhh.de\/vpl\/pushundpull\/auftaktveranstaltung\/\",\"url\":\"https:\/\/www3.tuhh.de\/vpl\/pushundpull\/auftaktveranstaltung\/\",\"name\":\"Auftaktveranstaltung - Push & Pull - B\u00f6se & Gut\",\"isPartOf\":{\"@id\":\"https:\/\/www3.tuhh.de\/vpl\/pushundpull\/#website\"},\"primaryImageOfPage\":{\"@id\":\"https:\/\/www3.tuhh.de\/vpl\/pushundpull\/auftaktveranstaltung\/#primaryimage\"},\"image\":{\"@id\":\"https:\/\/www3.tuhh.de\/vpl\/pushundpull\/auftaktveranstaltung\/#primaryimage\"},\"thumbnailUrl\":\"http:\/\/www3.tuhh.de\/vpl\/pushundpull\/wp-content\/uploads\/sites\/2\/2022\/10\/IMG_0078-1024x768.jpg\",\"datePublished\":\"2022-11-15T10:18:11+00:00\",\"breadcrumb\":{\"@id\":\"https:\/\/www3.tuhh.de\/vpl\/pushundpull\/auftaktveranstaltung\/#breadcrumb\"},\"inLanguage\":\"de\",\"potentialAction\":[{\"@type\":\"ReadAction\",\"target\":[\"https:\/\/www3.tuhh.de\/vpl\/pushundpull\/auftaktveranstaltung\/\"]}]},{\"@type\":\"ImageObject\",\"inLanguage\":\"de\",\"@id\":\"https:\/\/www3.tuhh.de\/vpl\/pushundpull\/auftaktveranstaltung\/#primaryimage\",\"url\":\"https:\/\/www3.tuhh.de\/vpl\/pushundpull\/wp-content\/uploads\/sites\/2\/2022\/10\/IMG_0078.jpg\",\"contentUrl\":\"https:\/\/www3.tuhh.de\/vpl\/pushundpull\/wp-content\/uploads\/sites\/2\/2022\/10\/IMG_0078.jpg\",\"width\":2048,\"height\":1536,\"caption\":\"Das Team des Forschungsprojekts vor dem Elsa Br\u00e4ndstr\u00f6m Haus \u00a9 Oliver Schwedes\"},{\"@type\":\"BreadcrumbList\",\"@id\":\"https:\/\/www3.tuhh.de\/vpl\/pushundpull\/auftaktveranstaltung\/#breadcrumb\",\"itemListElement\":[{\"@type\":\"ListItem\",\"position\":1,\"name\":\"Startseite\",\"item\":\"https:\/\/www3.tuhh.de\/vpl\/pushundpull\/\"},{\"@type\":\"ListItem\",\"position\":2,\"name\":\"Auftaktveranstaltung\"}]},{\"@type\":\"WebSite\",\"@id\":\"https:\/\/www3.tuhh.de\/vpl\/pushundpull\/#website\",\"url\":\"https:\/\/www3.tuhh.de\/vpl\/pushundpull\/\",\"name\":\"Push & Pull - B\u00f6se & Gut\",\"description\":\"\",\"publisher\":{\"@id\":\"https:\/\/www3.tuhh.de\/vpl\/pushundpull\/#organization\"},\"potentialAction\":[{\"@type\":\"SearchAction\",\"target\":{\"@type\":\"EntryPoint\",\"urlTemplate\":\"https:\/\/www3.tuhh.de\/vpl\/pushundpull\/?s={search_term_string}\"},\"query-input\":{\"@type\":\"PropertyValueSpecification\",\"valueRequired\":true,\"valueName\":\"search_term_string\"}}],\"inLanguage\":\"de\"},{\"@type\":\"Organization\",\"@id\":\"https:\/\/www3.tuhh.de\/vpl\/pushundpull\/#organization\",\"name\":\"Push & Pull - B\u00f6se & Gut\",\"url\":\"https:\/\/www3.tuhh.de\/vpl\/pushundpull\/\",\"logo\":{\"@type\":\"ImageObject\",\"inLanguage\":\"de\",\"@id\":\"https:\/\/www3.tuhh.de\/vpl\/pushundpull\/#\/schema\/logo\/image\/\",\"url\":\"https:\/\/www3.tuhh.de\/vpl\/pushundpull\/wp-content\/uploads\/sites\/2\/2022\/09\/cropped-Logo-RGB.png\",\"contentUrl\":\"https:\/\/www3.tuhh.de\/vpl\/pushundpull\/wp-content\/uploads\/sites\/2\/2022\/09\/cropped-Logo-RGB.png\",\"width\":327,\"height\":206,\"caption\":\"Push & Pull - B\u00f6se & Gut\"},\"image\":{\"@id\":\"https:\/\/www3.tuhh.de\/vpl\/pushundpull\/#\/schema\/logo\/image\/\"}}]}<\/script>\n<!-- \/ Yoast SEO plugin. -->","yoast_head_json":{"title":"Auftaktveranstaltung - Push & Pull - B\u00f6se & Gut","robots":{"index":"index","follow":"follow","max-snippet":"max-snippet:-1","max-image-preview":"max-image-preview:large","max-video-preview":"max-video-preview:-1"},"canonical":"https:\/\/www3.tuhh.de\/vpl\/pushundpull\/auftaktveranstaltung\/","og_locale":"de_DE","og_type":"article","og_title":"Auftaktveranstaltung - Push & Pull - B\u00f6se & Gut","og_description":"Vom 28.09.2022 bis zum 30.09.2022 fand sich das Projektteam f\u00fcr einen dreit\u00e4gigen Workshop im Bildungs- und Tagungshaus Elsa Br\u00e4ndstr\u00f6m in Hamburg, Blankenese zusammen. Gemeinsam wurde am Forschungsprojekt gearbeitet, bisherige Arbeitsergebnisse diskutiert und reflektiert sowie Grundsteine f\u00fcr das weitere Vorgehen gelegt. 13.10.2022 von Martina Hekler und Leonie Dittrich","og_url":"https:\/\/www3.tuhh.de\/vpl\/pushundpull\/auftaktveranstaltung\/","og_site_name":"Push & Pull - B\u00f6se & Gut","og_image":[{"url":"http:\/\/www3.tuhh.de\/vpl\/pushundpull\/wp-content\/uploads\/sites\/2\/2022\/10\/IMG_0078-1024x768.jpg","type":"","width":"","height":""}],"twitter_card":"summary_large_image","schema":{"@context":"https:\/\/schema.org","@graph":[{"@type":"WebPage","@id":"https:\/\/www3.tuhh.de\/vpl\/pushundpull\/auftaktveranstaltung\/","url":"https:\/\/www3.tuhh.de\/vpl\/pushundpull\/auftaktveranstaltung\/","name":"Auftaktveranstaltung - Push & Pull - B\u00f6se & Gut","isPartOf":{"@id":"https:\/\/www3.tuhh.de\/vpl\/pushundpull\/#website"},"primaryImageOfPage":{"@id":"https:\/\/www3.tuhh.de\/vpl\/pushundpull\/auftaktveranstaltung\/#primaryimage"},"image":{"@id":"https:\/\/www3.tuhh.de\/vpl\/pushundpull\/auftaktveranstaltung\/#primaryimage"},"thumbnailUrl":"http:\/\/www3.tuhh.de\/vpl\/pushundpull\/wp-content\/uploads\/sites\/2\/2022\/10\/IMG_0078-1024x768.jpg","datePublished":"2022-11-15T10:18:11+00:00","breadcrumb":{"@id":"https:\/\/www3.tuhh.de\/vpl\/pushundpull\/auftaktveranstaltung\/#breadcrumb"},"inLanguage":"de","potentialAction":[{"@type":"ReadAction","target":["https:\/\/www3.tuhh.de\/vpl\/pushundpull\/auftaktveranstaltung\/"]}]},{"@type":"ImageObject","inLanguage":"de","@id":"https:\/\/www3.tuhh.de\/vpl\/pushundpull\/auftaktveranstaltung\/#primaryimage","url":"https:\/\/www3.tuhh.de\/vpl\/pushundpull\/wp-content\/uploads\/sites\/2\/2022\/10\/IMG_0078.jpg","contentUrl":"https:\/\/www3.tuhh.de\/vpl\/pushundpull\/wp-content\/uploads\/sites\/2\/2022\/10\/IMG_0078.jpg","width":2048,"height":1536,"caption":"Das Team des Forschungsprojekts vor dem Elsa Br\u00e4ndstr\u00f6m Haus \u00a9 Oliver Schwedes"},{"@type":"BreadcrumbList","@id":"https:\/\/www3.tuhh.de\/vpl\/pushundpull\/auftaktveranstaltung\/#breadcrumb","itemListElement":[{"@type":"ListItem","position":1,"name":"Startseite","item":"https:\/\/www3.tuhh.de\/vpl\/pushundpull\/"},{"@type":"ListItem","position":2,"name":"Auftaktveranstaltung"}]},{"@type":"WebSite","@id":"https:\/\/www3.tuhh.de\/vpl\/pushundpull\/#website","url":"https:\/\/www3.tuhh.de\/vpl\/pushundpull\/","name":"Push & Pull - B\u00f6se & Gut","description":"","publisher":{"@id":"https:\/\/www3.tuhh.de\/vpl\/pushundpull\/#organization"},"potentialAction":[{"@type":"SearchAction","target":{"@type":"EntryPoint","urlTemplate":"https:\/\/www3.tuhh.de\/vpl\/pushundpull\/?s={search_term_string}"},"query-input":{"@type":"PropertyValueSpecification","valueRequired":true,"valueName":"search_term_string"}}],"inLanguage":"de"},{"@type":"Organization","@id":"https:\/\/www3.tuhh.de\/vpl\/pushundpull\/#organization","name":"Push & Pull - B\u00f6se & Gut","url":"https:\/\/www3.tuhh.de\/vpl\/pushundpull\/","logo":{"@type":"ImageObject","inLanguage":"de","@id":"https:\/\/www3.tuhh.de\/vpl\/pushundpull\/#\/schema\/logo\/image\/","url":"https:\/\/www3.tuhh.de\/vpl\/pushundpull\/wp-content\/uploads\/sites\/2\/2022\/09\/cropped-Logo-RGB.png","contentUrl":"https:\/\/www3.tuhh.de\/vpl\/pushundpull\/wp-content\/uploads\/sites\/2\/2022\/09\/cropped-Logo-RGB.png","width":327,"height":206,"caption":"Push & Pull - B\u00f6se & Gut"},"image":{"@id":"https:\/\/www3.tuhh.de\/vpl\/pushundpull\/#\/schema\/logo\/image\/"}}]}},"_links":{"self":[{"href":"https:\/\/www3.tuhh.de\/vpl\/pushundpull\/wp-json\/wp\/v2\/pages\/193","targetHints":{"allow":["GET"]}}],"collection":[{"href":"https:\/\/www3.tuhh.de\/vpl\/pushundpull\/wp-json\/wp\/v2\/pages"}],"about":[{"href":"https:\/\/www3.tuhh.de\/vpl\/pushundpull\/wp-json\/wp\/v2\/types\/page"}],"author":[{"embeddable":true,"href":"https:\/\/www3.tuhh.de\/vpl\/pushundpull\/wp-json\/wp\/v2\/users\/1"}],"replies":[{"embeddable":true,"href":"https:\/\/www3.tuhh.de\/vpl\/pushundpull\/wp-json\/wp\/v2\/comments?post=193"}],"version-history":[{"count":0,"href":"https:\/\/www3.tuhh.de\/vpl\/pushundpull\/wp-json\/wp\/v2\/pages\/193\/revisions"}],"wp:attachment":[{"href":"https:\/\/www3.tuhh.de\/vpl\/pushundpull\/wp-json\/wp\/v2\/media?parent=193"}],"curies":[{"name":"wp","href":"https:\/\/api.w.org\/{rel}","templated":true}]}}