{"id":374,"date":"2022-08-16T14:48:51","date_gmt":"2022-08-16T12:48:51","guid":{"rendered":"https:\/\/www2.tuhh.de\/pushundpull\/?page_id=374"},"modified":"2022-08-16T14:48:51","modified_gmt":"2022-08-16T12:48:51","slug":"impressum","status":"publish","type":"page","link":"https:\/\/www3.tuhh.de\/vpl\/pushundpull\/impressum\/","title":{"rendered":"Impressum"},"content":{"rendered":"\n<div style=\"height:100px\" aria-hidden=\"true\" class=\"wp-block-spacer\"><\/div>\n\n\n\n<h2 class=\"has-normal-font-size wp-block-heading\">Angaben gem\u00e4\u00df \u00a7 5 Telemediengesetz<\/h2>\n\n\n\n<h4 class=\"has-normal-font-size wp-block-heading\">Adresse:<\/h4>\n\n\n\n<p>Technische Universit\u00e4t Hamburg (TUHH)<br>Institut f\u00fcr Verkehrsplanung und Logistik<br>Am Schwarzenberg-Campus 3<br>21073 Hamburg<\/p>\n\n\n\n<h4 class=\"has-normal-font-size wp-block-heading\">E-Mail:<\/h4>\n\n\n\n<p><a href=\"mailto:martina.hekler@tuhh.de\" data-type=\"mailto\" data-id=\"mailto:martina.hekler@tuhh.de\"><\/a><a href=\"mailto:martina.hekler@tuhh.de\" data-type=\"mailto\" data-id=\"mailto:martina.hekler@tuhh.de\">martina.hekler@tuhh.de<\/a> <\/p>\n\n\n\n<h4 class=\"has-normal-font-size wp-block-heading\">Rechtsform:<\/h4>\n\n\n\n<p>K\u00f6rperschaft des \u00f6ffentlichen Rechts<\/p>\n\n\n\n<h4 class=\"has-normal-font-size wp-block-heading\">Gesetzlicher Vertreter:<\/h4>\n\n\n\n<p>der Pr\u00e4sident der TUHH, z. Zt. Prof. Dr. Andreas Timm-Giel<\/p>\n\n\n\n<h4 class=\"has-normal-font-size wp-block-heading\">Zust\u00e4ndige Aufsichtsbeh\u00f6rde:<\/h4>\n\n\n\n<p>Beh\u00f6rde f\u00fcr Wissenschaft, Forschung, Gleichstellung und Bezirke<br>der Freien und Hansestadt Hamburg<br>Hamburger Stra\u00dfe 37<br>22083 Hamburg<\/p>\n\n\n\n<h4 class=\"has-normal-font-size wp-block-heading\">Haftungshinweis:<\/h4>\n\n\n\n<p>Trotz sorgf\u00e4ltiger inhaltlicher Kontrolle \u00fcbernehmen wir keine Haftung f\u00fcr die Inhalte externer Links. F\u00fcr den Inhalt der verlinkten Seiten sind ausschlie\u00dflich deren Betreiber verantwortlich.<\/p>\n\n\n\n<h2 class=\"has-normal-font-size wp-block-heading\">Herausgeber (Verantwortlich f\u00fcr den Inhalt gem. \u00a7 18 MStV):<\/h2>\n\n\n\n<p>Der Leiter des Institut f\u00fcr Verkehrsplanung und Logistik<br>der Technischen Universit\u00e4t Hamburg<br>Prof. Dr. Carsten Gertz<br>Tel.: +49 40 42878-3518<br>Fax: +49 40 42731- 4198<\/p>\n\n\n\n<h2 class=\"has-normal-font-size wp-block-heading\">Redaktion:<\/h2>\n\n\n\n<p>Dr. Martina Hekler<br>Tel.: +49 40 42878-3904<br>Fax: +49 40 42731- 4198 <br>E-Mail:&nbsp;<a href=\"mailto:martina.hekler@tuhh.de\" data-type=\"mailto\" data-id=\"mailto:martina.hekler@tuhh.de\">martina.hekler@tuhh.de<\/a><\/p>\n\n\n\n<h4 class=\"has-normal-font-size wp-block-heading\">Bildnachweise:<\/h4>\n\n\n\n<figure class=\"wp-block-image size-large\"><img loading=\"lazy\" decoding=\"async\" width=\"1024\" height=\"426\" src=\"http:\/\/www3.tuhh.de\/vpl\/pushundpull\/wp-content\/uploads\/sites\/2\/2022\/11\/221124_Impressum_Nachweise2-1024x426.png\" alt=\"\" class=\"wp-image-1098\" srcset=\"https:\/\/www3.tuhh.de\/vpl\/pushundpull\/wp-content\/uploads\/sites\/2\/2022\/11\/221124_Impressum_Nachweise2-1024x426.png 1024w, https:\/\/www3.tuhh.de\/vpl\/pushundpull\/wp-content\/uploads\/sites\/2\/2022\/11\/221124_Impressum_Nachweise2-300x125.png 300w, https:\/\/www3.tuhh.de\/vpl\/pushundpull\/wp-content\/uploads\/sites\/2\/2022\/11\/221124_Impressum_Nachweise2-768x320.png 768w, https:\/\/www3.tuhh.de\/vpl\/pushundpull\/wp-content\/uploads\/sites\/2\/2022\/11\/221124_Impressum_Nachweise2.png 1122w\" sizes=\"auto, (max-width: 1024px) 100vw, 1024px\" \/><\/figure>\n\n\n\n<h2 class=\"has-normal-font-size wp-block-heading\">Technik:<\/h2>\n\n\n\n<p><a href=\"http:\/\/www.tuhh.de\/rzt\/\" target=\"_blank\" rel=\"noreferrer noopener\">Rechenzentrum der TUHH<\/a><\/p>\n\n\n\n<h2 class=\"has-normal-font-size wp-block-heading\">Zertifikate:<\/h2>\n\n\n\n<p>Die TUHH beteiligt sich mit einer eigenen Zertifizierungsstelle (CA) an der Public-Key-Infrastruktur des Deutsche Forschungsnetz (DFN). Viele Netzdienste, wie z.B. das Mailsystem und unsere Webserver nutzen Server-Zertifikate, die von der TUHH CA ausgestellt sind.<br>Da die Wurzelzertifikate nicht in allen Browsern mitgeliefert werden, ist es f\u00fcr den Zugriff auf gesch\u00fctzte Seiten zum Teil notwendig, die&nbsp;<a href=\"https:\/\/www.tuhh.de\/rzt\/services\/informationssicherheit\/tuhh-dfnpki\/importieren.html\" target=\"_blank\" rel=\"noreferrer noopener\">Wurzelzertifikate manuell zu installieren<\/a>.<\/p>\n\n\n\n<p><\/p>\n","protected":false},"excerpt":{"rendered":"<p>Angaben gem\u00e4\u00df \u00a7 5 Telemediengesetz Adresse: Technische Universit\u00e4t Hamburg (TUHH)Institut f\u00fcr Verkehrsplanung und LogistikAm Schwarzenberg-Campus 321073 Hamburg E-Mail: martina.hekler@tuhh.de Rechtsform: K\u00f6rperschaft des \u00f6ffentlichen Rechts Gesetzlicher Vertreter: der Pr\u00e4sident der TUHH, z. Zt. Prof. Dr. Andreas Timm-Giel Zust\u00e4ndige Aufsichtsbeh\u00f6rde: Beh\u00f6rde f\u00fcr Wissenschaft, Forschung, Gleichstellung und Bezirkeder Freien und Hansestadt HamburgHamburger Stra\u00dfe 3722083 Hamburg Haftungshinweis: Trotz sorgf\u00e4ltiger [&hellip;]<\/p>\n","protected":false},"author":1,"featured_media":0,"parent":0,"menu_order":0,"comment_status":"closed","ping_status":"closed","template":"","meta":{"footnotes":""},"class_list":["post-374","page","type-page","status-publish","hentry"],"yoast_head":"<!-- This site is optimized with the Yoast SEO plugin v26.9 - https:\/\/yoast.com\/product\/yoast-seo-wordpress\/ -->\n<title>Impressum - Push &amp; Pull - B\u00f6se &amp; Gut<\/title>\n<meta name=\"robots\" content=\"index, follow, max-snippet:-1, max-image-preview:large, max-video-preview:-1\" \/>\n<link rel=\"canonical\" href=\"https:\/\/www3.tuhh.de\/vpl\/pushundpull\/impressum\/\" \/>\n<meta property=\"og:locale\" content=\"de_DE\" \/>\n<meta property=\"og:type\" content=\"article\" \/>\n<meta property=\"og:title\" content=\"Impressum - Push &amp; Pull - B\u00f6se &amp; Gut\" \/>\n<meta property=\"og:description\" content=\"Angaben gem\u00e4\u00df \u00a7 5 Telemediengesetz Adresse: Technische Universit\u00e4t Hamburg (TUHH)Institut f\u00fcr Verkehrsplanung und LogistikAm Schwarzenberg-Campus 321073 Hamburg E-Mail: martina.hekler@tuhh.de Rechtsform: K\u00f6rperschaft des \u00f6ffentlichen Rechts Gesetzlicher Vertreter: der Pr\u00e4sident der TUHH, z. Zt. Prof. Dr. Andreas Timm-Giel Zust\u00e4ndige Aufsichtsbeh\u00f6rde: Beh\u00f6rde f\u00fcr Wissenschaft, Forschung, Gleichstellung und Bezirkeder Freien und Hansestadt HamburgHamburger Stra\u00dfe 3722083 Hamburg Haftungshinweis: Trotz sorgf\u00e4ltiger [&hellip;]\" \/>\n<meta property=\"og:url\" content=\"https:\/\/www3.tuhh.de\/vpl\/pushundpull\/impressum\/\" \/>\n<meta property=\"og:site_name\" content=\"Push &amp; Pull - B\u00f6se &amp; Gut\" \/>\n<meta property=\"og:image\" content=\"http:\/\/www3.tuhh.de\/vpl\/pushundpull\/wp-content\/uploads\/sites\/2\/2022\/11\/221124_Impressum_Nachweise2-1024x426.png\" \/>\n<meta name=\"twitter:card\" content=\"summary_large_image\" \/>\n<meta name=\"twitter:label1\" content=\"Gesch\u00e4tzte Lesezeit\" \/>\n\t<meta name=\"twitter:data1\" content=\"1\u00a0Minute\" \/>\n<script type=\"application\/ld+json\" class=\"yoast-schema-graph\">{\"@context\":\"https:\/\/schema.org\",\"@graph\":[{\"@type\":\"WebPage\",\"@id\":\"https:\/\/www3.tuhh.de\/vpl\/pushundpull\/impressum\/\",\"url\":\"https:\/\/www3.tuhh.de\/vpl\/pushundpull\/impressum\/\",\"name\":\"Impressum - Push & Pull - B\u00f6se & Gut\",\"isPartOf\":{\"@id\":\"https:\/\/www3.tuhh.de\/vpl\/pushundpull\/#website\"},\"primaryImageOfPage\":{\"@id\":\"https:\/\/www3.tuhh.de\/vpl\/pushundpull\/impressum\/#primaryimage\"},\"image\":{\"@id\":\"https:\/\/www3.tuhh.de\/vpl\/pushundpull\/impressum\/#primaryimage\"},\"thumbnailUrl\":\"http:\/\/www3.tuhh.de\/vpl\/pushundpull\/wp-content\/uploads\/sites\/2\/2022\/11\/221124_Impressum_Nachweise2-1024x426.png\",\"datePublished\":\"2022-08-16T12:48:51+00:00\",\"breadcrumb\":{\"@id\":\"https:\/\/www3.tuhh.de\/vpl\/pushundpull\/impressum\/#breadcrumb\"},\"inLanguage\":\"de\",\"potentialAction\":[{\"@type\":\"ReadAction\",\"target\":[\"https:\/\/www3.tuhh.de\/vpl\/pushundpull\/impressum\/\"]}]},{\"@type\":\"ImageObject\",\"inLanguage\":\"de\",\"@id\":\"https:\/\/www3.tuhh.de\/vpl\/pushundpull\/impressum\/#primaryimage\",\"url\":\"https:\/\/www3.tuhh.de\/vpl\/pushundpull\/wp-content\/uploads\/sites\/2\/2022\/11\/221124_Impressum_Nachweise2.png\",\"contentUrl\":\"https:\/\/www3.tuhh.de\/vpl\/pushundpull\/wp-content\/uploads\/sites\/2\/2022\/11\/221124_Impressum_Nachweise2.png\",\"width\":1122,\"height\":467},{\"@type\":\"BreadcrumbList\",\"@id\":\"https:\/\/www3.tuhh.de\/vpl\/pushundpull\/impressum\/#breadcrumb\",\"itemListElement\":[{\"@type\":\"ListItem\",\"position\":1,\"name\":\"Startseite\",\"item\":\"https:\/\/www3.tuhh.de\/vpl\/pushundpull\/\"},{\"@type\":\"ListItem\",\"position\":2,\"name\":\"Impressum\"}]},{\"@type\":\"WebSite\",\"@id\":\"https:\/\/www3.tuhh.de\/vpl\/pushundpull\/#website\",\"url\":\"https:\/\/www3.tuhh.de\/vpl\/pushundpull\/\",\"name\":\"Push & Pull - B\u00f6se & Gut\",\"description\":\"\",\"publisher\":{\"@id\":\"https:\/\/www3.tuhh.de\/vpl\/pushundpull\/#organization\"},\"potentialAction\":[{\"@type\":\"SearchAction\",\"target\":{\"@type\":\"EntryPoint\",\"urlTemplate\":\"https:\/\/www3.tuhh.de\/vpl\/pushundpull\/?s={search_term_string}\"},\"query-input\":{\"@type\":\"PropertyValueSpecification\",\"valueRequired\":true,\"valueName\":\"search_term_string\"}}],\"inLanguage\":\"de\"},{\"@type\":\"Organization\",\"@id\":\"https:\/\/www3.tuhh.de\/vpl\/pushundpull\/#organization\",\"name\":\"Push & Pull - B\u00f6se & Gut\",\"url\":\"https:\/\/www3.tuhh.de\/vpl\/pushundpull\/\",\"logo\":{\"@type\":\"ImageObject\",\"inLanguage\":\"de\",\"@id\":\"https:\/\/www3.tuhh.de\/vpl\/pushundpull\/#\/schema\/logo\/image\/\",\"url\":\"https:\/\/www3.tuhh.de\/vpl\/pushundpull\/wp-content\/uploads\/sites\/2\/2022\/09\/cropped-Logo-RGB.png\",\"contentUrl\":\"https:\/\/www3.tuhh.de\/vpl\/pushundpull\/wp-content\/uploads\/sites\/2\/2022\/09\/cropped-Logo-RGB.png\",\"width\":327,\"height\":206,\"caption\":\"Push & Pull - B\u00f6se & Gut\"},\"image\":{\"@id\":\"https:\/\/www3.tuhh.de\/vpl\/pushundpull\/#\/schema\/logo\/image\/\"}}]}<\/script>\n<!-- \/ Yoast SEO plugin. -->","yoast_head_json":{"title":"Impressum - Push & Pull - B\u00f6se & Gut","robots":{"index":"index","follow":"follow","max-snippet":"max-snippet:-1","max-image-preview":"max-image-preview:large","max-video-preview":"max-video-preview:-1"},"canonical":"https:\/\/www3.tuhh.de\/vpl\/pushundpull\/impressum\/","og_locale":"de_DE","og_type":"article","og_title":"Impressum - Push & Pull - B\u00f6se & Gut","og_description":"Angaben gem\u00e4\u00df \u00a7 5 Telemediengesetz Adresse: Technische Universit\u00e4t Hamburg (TUHH)Institut f\u00fcr Verkehrsplanung und LogistikAm Schwarzenberg-Campus 321073 Hamburg E-Mail: martina.hekler@tuhh.de Rechtsform: K\u00f6rperschaft des \u00f6ffentlichen Rechts Gesetzlicher Vertreter: der Pr\u00e4sident der TUHH, z. Zt. Prof. Dr. Andreas Timm-Giel Zust\u00e4ndige Aufsichtsbeh\u00f6rde: Beh\u00f6rde f\u00fcr Wissenschaft, Forschung, Gleichstellung und Bezirkeder Freien und Hansestadt HamburgHamburger Stra\u00dfe 3722083 Hamburg Haftungshinweis: Trotz sorgf\u00e4ltiger [&hellip;]","og_url":"https:\/\/www3.tuhh.de\/vpl\/pushundpull\/impressum\/","og_site_name":"Push & Pull - B\u00f6se & Gut","og_image":[{"url":"http:\/\/www3.tuhh.de\/vpl\/pushundpull\/wp-content\/uploads\/sites\/2\/2022\/11\/221124_Impressum_Nachweise2-1024x426.png","type":"","width":"","height":""}],"twitter_card":"summary_large_image","twitter_misc":{"Gesch\u00e4tzte Lesezeit":"1\u00a0Minute"},"schema":{"@context":"https:\/\/schema.org","@graph":[{"@type":"WebPage","@id":"https:\/\/www3.tuhh.de\/vpl\/pushundpull\/impressum\/","url":"https:\/\/www3.tuhh.de\/vpl\/pushundpull\/impressum\/","name":"Impressum - Push & Pull - B\u00f6se & Gut","isPartOf":{"@id":"https:\/\/www3.tuhh.de\/vpl\/pushundpull\/#website"},"primaryImageOfPage":{"@id":"https:\/\/www3.tuhh.de\/vpl\/pushundpull\/impressum\/#primaryimage"},"image":{"@id":"https:\/\/www3.tuhh.de\/vpl\/pushundpull\/impressum\/#primaryimage"},"thumbnailUrl":"http:\/\/www3.tuhh.de\/vpl\/pushundpull\/wp-content\/uploads\/sites\/2\/2022\/11\/221124_Impressum_Nachweise2-1024x426.png","datePublished":"2022-08-16T12:48:51+00:00","breadcrumb":{"@id":"https:\/\/www3.tuhh.de\/vpl\/pushundpull\/impressum\/#breadcrumb"},"inLanguage":"de","potentialAction":[{"@type":"ReadAction","target":["https:\/\/www3.tuhh.de\/vpl\/pushundpull\/impressum\/"]}]},{"@type":"ImageObject","inLanguage":"de","@id":"https:\/\/www3.tuhh.de\/vpl\/pushundpull\/impressum\/#primaryimage","url":"https:\/\/www3.tuhh.de\/vpl\/pushundpull\/wp-content\/uploads\/sites\/2\/2022\/11\/221124_Impressum_Nachweise2.png","contentUrl":"https:\/\/www3.tuhh.de\/vpl\/pushundpull\/wp-content\/uploads\/sites\/2\/2022\/11\/221124_Impressum_Nachweise2.png","width":1122,"height":467},{"@type":"BreadcrumbList","@id":"https:\/\/www3.tuhh.de\/vpl\/pushundpull\/impressum\/#breadcrumb","itemListElement":[{"@type":"ListItem","position":1,"name":"Startseite","item":"https:\/\/www3.tuhh.de\/vpl\/pushundpull\/"},{"@type":"ListItem","position":2,"name":"Impressum"}]},{"@type":"WebSite","@id":"https:\/\/www3.tuhh.de\/vpl\/pushundpull\/#website","url":"https:\/\/www3.tuhh.de\/vpl\/pushundpull\/","name":"Push & Pull - B\u00f6se & Gut","description":"","publisher":{"@id":"https:\/\/www3.tuhh.de\/vpl\/pushundpull\/#organization"},"potentialAction":[{"@type":"SearchAction","target":{"@type":"EntryPoint","urlTemplate":"https:\/\/www3.tuhh.de\/vpl\/pushundpull\/?s={search_term_string}"},"query-input":{"@type":"PropertyValueSpecification","valueRequired":true,"valueName":"search_term_string"}}],"inLanguage":"de"},{"@type":"Organization","@id":"https:\/\/www3.tuhh.de\/vpl\/pushundpull\/#organization","name":"Push & Pull - B\u00f6se & Gut","url":"https:\/\/www3.tuhh.de\/vpl\/pushundpull\/","logo":{"@type":"ImageObject","inLanguage":"de","@id":"https:\/\/www3.tuhh.de\/vpl\/pushundpull\/#\/schema\/logo\/image\/","url":"https:\/\/www3.tuhh.de\/vpl\/pushundpull\/wp-content\/uploads\/sites\/2\/2022\/09\/cropped-Logo-RGB.png","contentUrl":"https:\/\/www3.tuhh.de\/vpl\/pushundpull\/wp-content\/uploads\/sites\/2\/2022\/09\/cropped-Logo-RGB.png","width":327,"height":206,"caption":"Push & Pull - B\u00f6se & Gut"},"image":{"@id":"https:\/\/www3.tuhh.de\/vpl\/pushundpull\/#\/schema\/logo\/image\/"}}]}},"_links":{"self":[{"href":"https:\/\/www3.tuhh.de\/vpl\/pushundpull\/wp-json\/wp\/v2\/pages\/374","targetHints":{"allow":["GET"]}}],"collection":[{"href":"https:\/\/www3.tuhh.de\/vpl\/pushundpull\/wp-json\/wp\/v2\/pages"}],"about":[{"href":"https:\/\/www3.tuhh.de\/vpl\/pushundpull\/wp-json\/wp\/v2\/types\/page"}],"author":[{"embeddable":true,"href":"https:\/\/www3.tuhh.de\/vpl\/pushundpull\/wp-json\/wp\/v2\/users\/1"}],"replies":[{"embeddable":true,"href":"https:\/\/www3.tuhh.de\/vpl\/pushundpull\/wp-json\/wp\/v2\/comments?post=374"}],"version-history":[{"count":0,"href":"https:\/\/www3.tuhh.de\/vpl\/pushundpull\/wp-json\/wp\/v2\/pages\/374\/revisions"}],"wp:attachment":[{"href":"https:\/\/www3.tuhh.de\/vpl\/pushundpull\/wp-json\/wp\/v2\/media?parent=374"}],"curies":[{"name":"wp","href":"https:\/\/api.w.org\/{rel}","templated":true}]}}